NOAA-Style Climate Reports


Report for 2017 Februar
                   Monthly Climatological Summary for feb 2017

Name: Vejret Syrenvej 35   City: Svendborg   State: 
Elevation: 32 m  Lat: S 00° 00' 00"   Lon: W 000° 00' 00"

                  Temperature (°C), Rain (mm), Wind Speed (m/s)

                                      Heat  Cool        Avg
    Mean                              Deg   Deg         Wind                 Dom
Day Temp  High   Time   Low    Time   Days  Days  Rain  Speed High   Time    Dir
----------------------------------------------------------------------------------
 1   1,5   1,9   00:08   0,5   23:07  16,7   0,0   0,0   1,5   7,8   19:53   ESE
 2   1,3   1,8   15:38   0,5   07:07  17,7   0,0   0,0   1,9   6,5   10:13     E
 3   1,6   2,2   17:07   1,1   07:08  17,0   0,0   0,0   1,9   5,4   10:25     E
 4   3,2   4,4   14:07   2,0   00:07  15,1   0,0   0,3   1,0   4,1   10:37     E
 5   2,2   3,2   13:23   0,8   21:37  16,0   0,0   4,8   1,3   6,1   11:41   ENE
 6   2,1   3,4   14:13   0,4   23:38  16,0   0,0   0,6   1,5   6,8   10:36    NE
 7  -0,2   0,7   09:56  -1,1   20:38  18,4   0,0   0,0   2,1   9,2   15:32   NNE
 8  -1,2  -0,7   01:38  -1,6   08:25  19,4   0,0   0,0   1,9   7,8   01:08   ENE
 9  -1,9  -1,4   00:08  -2,5   20:38  20,5   0,0   0,0   1,2   6,5   17:47     E
10  -1,0   0,1   19:09  -2,5   01:08  19,2   0,0   0,0   2,1   8,2   11:36     E
11   0,5   1,8   11:39  -0,5   06:39  17,8   0,0   0,0   2,3   8,5   10:22   ENE
12   0,3   0,6   12:08  -0,2   05:09  18,1   0,0   0,0   2,0   8,5   09:45    NE
13  -0,4   0,5   00:08  -1,7   23:39  18,7   0,0   0,0   1,2   5,4   09:10     E
14  -0,5   3,8   15:38  -2,2   01:39  18,5   0,0   0,0   0,5   3,7   14:21     E
15   0,7   7,7   15:37  -2,8   04:38  17,3   0,0   0,0   0,3   3,4   10:56   SSE
16   3,1   5,5   13:08  -2,1   00:09  15,2   0,0   0,0   1,3   7,8   10:38   SSW
17   5,0   7,4   13:09   3,5   07:38  13,5   0,0   0,3   0,5   4,4   03:08    SW
18   4,1   5,2   09:47   2,6   20:38  14,1   0,0   0,0   1,0   5,8   21:08   WSW
19   4,6   5,8   14:08   3,3   00:08  13,8   0,0   1,2   1,0   6,1   10:28   SSW
20   5,9   7,3   19:51   4,4   02:08  12,3   0,0   1,8   1,8   9,5   11:16    SW
21   6,1   9,3   15:08   4,1   23:38  12,2   0,0   0,0   2,1  10,5   13:44     W
22   6,3   8,3   12:56   4,0   00:08  11,7   0,0   7,2   2,5   9,2   19:29   WSW
23   4,9   6,0   00:08   2,2   15:43  13,5   0,0  10,2   1,6   8,5   16:37   WSW
24   2,7   6,9   14:21   0,5   06:39  15,2   0,0   0,9   1,4   7,5   16:18   WNW
25   2,7   5,0   23:39   0,7   07:40  15,5   0,0   3,0   2,4  11,6   17:59     S
26   6,2   7,1   23:10   5,0   00:09  12,1   0,0   1,2   1,5   7,8   07:09   SSW
27   8,3  10,2   15:09   7,1   00:10  10,1   0,0   0,3   2,1   7,5   13:17   SSE
28   5,4   8,3   01:39   3,5   21:10  12,9   0,0   0,3   2,5   8,8   10:18     S
----------------------------------------------------------------------------------
     2,6  10,2    27    -2,8    15   438,5   0,0  32,1   1,6  11,6    25      SE

Max >=  27,0:  0
Max <=   0,0:  2
Min <=   0,0: 10
Min <= -18,0:  0
Max Rain: 10,2 on day 23
Days of Rain: 13 (>= 0,2 mm)  4 (>= 2,0 mm)  0 (>= 20,0 mm)
Heat Base: 18,3  Cool Base: 18,3  Method: Integration