NOAA-Style Climate Reports


Report for 2017 Januar
                   Monthly Climatological Summary for jan 2017

Name: Vejret Syrenvej 35   City: Svendborg   State: 
Elevation: 32 m  Lat: S 00° 00' 00"   Lon: W 000° 00' 00"

                  Temperature (°C), Rain (mm), Wind Speed (m/s)

                                      Heat  Cool        Avg
    Mean                              Deg   Deg         Wind                 Dom
Day Temp  High   Time   Low    Time   Days  Days  Rain  Speed High   Time    Dir
----------------------------------------------------------------------------------
 1   6,1   7,3   01:32   4,3   22:02  12,5   0,0   3,6   0,9   8,8   00:32   SSW
 2   1,8   4,4   00:02  -0,1   09:07  16,9   0,0   0,6   0,6   3,4   09:35     W
 3   4,9   7,4   18:02   0,9   01:33  13,9   0,0   3,6   1,9   6,8   14:32     W
 4   2,8   5,4   05:03  -0,7   23:33  16,2   0,0   0,6   2,2   8,5   05:33   WNW
 5  -3,9  -0,6   00:03  -6,4   23:33  22,1   0,0   0,0   1,2   7,1   12:21   NNW
 6  -5,5   9,7   07:33  -9,9   08:33  23,8   0,0   0,0   0,9   6,5   20:25     S
 7   0,6   3,8   18:04  -3,1   00:04  17,7   0,0   0,3   1,3   6,1   11:08   SSW
 8   1,9   3,0   00:03   0,0   00:03  16,3   0,0   0,0   0,3   3,4   01:03   WNW
 9   2,7   3,6   13:34   1,4   00:03  15,9   0,0   0,6   1,1   5,4   14:04   SSE
10   2,4   2,9   19:36   1,7   00:05  15,8   0,0   0,3   1,5   5,1   10:21    SE
11   4,0   5,3   13:36   2,9   00:06  14,2   0,0   6,0   2,6  13,9   11:06     S
12   3,3   4,5   00:06   1,5   23:36  14,8   0,0   0,3   1,6   7,8   10:44   WSW
13   1,8   3,6   14:35   1,0   17:08  16,6   0,0   0,0   0,4   6,8   19:58   SSW
14   1,7   3,3   14:15   1,1   06:05  16,5   0,0   0,3   1,1   6,1   16:24     W
15   0,3   2,9   14:23  -3,1   23:35  17,9   0,0   0,0   0,5   4,1   01:05   WNW
16  -1,6   2,4   14:36  -3,9   03:35  19,9   0,0   0,3   0,4   3,7   13:40   WNW
17  -1,1   1,1   21:09  -4,0   05:35  19,2   0,0   0,0   0,6   2,8   09:05    NW
18   1,9   2,8   14:20   1,0   00:05  16,2   0,0   0,0   1,1   6,5   12:20    SW
19   3,2   4,4   16:27   1,9   00:06  15,4   0,0   0,0   0,6   4,8   07:06     W
20   4,4   5,5   15:07   2,9   23:35  14,3   0,0   0,0   0,5   3,1   10:26   WSW
21   4,1   6,2   14:35   2,0   06:05  14,6   0,0   0,0   0,2   2,0   00:05   WSW
22   2,8   4,4   00:05   0,8   20:50  15,5   0,0   0,3   0,3   3,1   11:05   SSE
23   1,9   3,2   14:51   0,5   08:35  17,0   0,0   0,0   0,4   3,4   14:31   WSW
24   3,2   4,5   15:37   2,4   00:06  15,3   0,0   0,0   0,4   2,7   06:06   WSW
25   0,5   2,4   00:07  -0,4   23:37  17,8   0,0   0,0   0,7   4,4   10:18    SW
26   0,2   1,5   13:36  -0,9   04:07  18,4   0,0   0,0   0,8   4,1   16:36   ESE
27   0,1   2,9   15:06  -2,4   23:36  18,6   0,0   0,0   1,0   6,1   10:27     E
28  -0,2   4,2   14:44  -2,9   01:36  18,4   0,0   0,0   0,5   4,8   14:24     E
29   1,9   4,1   13:21  -3,2   02:07  16,7   0,0   1,5   1,3   7,1   13:43     S
30   2,9   3,5   12:58   2,2   03:06  15,2   0,0   4,8   1,4   9,2   19:17   NNE
31   3,1   3,7   13:40   1,9   23:38  15,3   0,0   0,0   1,5   6,1   02:25   NNE
----------------------------------------------------------------------------------
     1,7   9,7     6    -9,9     6   518,9   0,0  23,1   1,0  21,8    17      SW

Max >=  27,0:  0
Max <=   0,0:  1
Min <=   0,0: 14
Min <= -18,0:  0
Max Rain: 6,0 on day 11
Days of Rain: 14 (>= 0,2 mm)  4 (>= 2,0 mm)  0 (>= 20,0 mm)
Heat Base: 18,3  Cool Base: 18,3  Method: Integration