NOAA-Style Climate Reports


Report for 2017
                   Annual Climatological Summary for 2017

Name: Vejret Syrenvej 35   City: Svendborg   State: 
Elevation: 32 m  Lat: S 00° 00' 00"   Lon: W 000° 00' 00"

                  Temperature (°C), Heat Base: 18,3  Cool Base: 18,3
                          Dep.  Heat  Cool                       Max  Max  Min  Min
        Mean  Mean        From  Deg   Deg                        >=   <=   <=   <=
 YR MO  Max   Min   Mean  Norm  Days  Days  Hi  Date  Low  Date 27,0  0,0  0,0 -18,0
------------------------------------------------------------------------------------
 17  1   4,0  -0,3   1,7   0.0   518     0   9,7   6  -9,9    6    0    1   14    0
 17  2   4,4   1,0   2,6   0.0   438     0  10,2  27  -2,8   15    0    2   10    0
 17  3  10,3   2,8   6,1   0.0   380     0  20,1  31  -0,9   24    0    0    4    0
 17  4  12,4   4,1   8,0   0.0   307     0  18,9   9  -1,9   19    0    0    2    0
 17  5  19,4   9,1  14,2   0.0   150    23  28,2  27 -12,2    2    3    0    1    0
 17  6  21,7  13,0  17,1   0.0    66    29  29,6  19   9,5    2    2    0    0    0
 17  7  22,1  12,3  17,3   0.0    64    30  26,3  30   0,0    4    0    0    1    0
 17  8  22,6  14,0  18,0   0.0    42    34  27,6  15   6,7   22    4    0    0    0
 17  9  18,7  10,6  14,9   0.0   140     5  24,7  21  -6,3   20    0    0    3    0
 17 10  15,8  10,2  12,2   0.0   243     0  41,6   2   0,0    1    2    0    1    0
 17 11   8,9   4,3   6,8   0.0   362     0  13,3   1  -0,5   29    0    0    2    0
 17 12   5,8   2,8   4,4   0.0   483     0   9,4  24  -1,7    2    0    0    4    0
------------------------------------------------------------------------------------
        13,8   7,0  10,3   0.0  3199   122  41,6 okt -12,2  maj   11    3   42    0

                                Precipitation (mm)

              Dep.   Max        Days of Rain
              From   Obs.           >=
 YR MO Total  Norm   Day Date  0,2  2,0 20,0
---------------------------------------------
 17  1  23,1   0.0   6,0  11    14    4    0
 17  2  32,1   0.0  10,2  23    13    4    0
 17  3  42,9   0.0  10,2  20    13    6    0
 17  4  26,4   0.0   6,3  15    13    4    0
 17  5  32,1   0.0  12,0  16     9    6    0
 17  6  62,4   0.0  18,6  30    13    7    0
 17  7  79,7   0.0  22,8   3    16    9    1
 17  8  75,0   0.0  14,1  30    17   10    0
 17  9  74,7   0.0  15,9  13    21    8    0
 17 10 124,8   0.0  19,2   2    22   16    0
 17 11  61,2   0.0  12,6  27    27   10    0
 17 12  62,1   0.0   9,3  13    27   11    0
---------------------------------------------
       696,5   0.0  22,8  jul  205   95    1

                                Wind Speed (m/s)
                          Dom
 YR MO   Avg.  Hi   Date  Dir
------------------------------
 17  1   1,0  21,8   17   WSW
 17  2   1,6  11,6   25    SE
 17  3   1,2  10,9   20   SSW
 17  4   1,3  11,9   24   WSW
 17  5   1,0  11,2    2    NE
 17  6   1,0  10,2    7   WSW
 17  7   1,1   8,8   31    NW
 17  8   0,9  45,6   21    SW
 17  9   1,0  51,2   30     S
 17 10   1,3  51,2    3   WSW
 17 11   1,2  51,2    1   SSW
 17 12   1,4  59,2    4   SSW
------------------------------
         1,2  59,2  dec    SW