NOAA-Style Climate Reports


Report for 2016 December
                   Monthly Climatological Summary for dec 2016

Name: Vejret Syrenvej 35   City: Svendborg   State: 
Elevation: 32 m  Lat: S 00° 00' 00"   Lon: W 000° 00' 00"

                  Temperature (°C), Rain (mm), Wind Speed (m/s)

                                      Heat  Cool        Avg
    Mean                              Deg   Deg         Wind                 Dom
Day Temp  High   Time   Low    Time   Days  Days  Rain  Speed High   Time    Dir
----------------------------------------------------------------------------------
 1   8,2   9,0   13:08   6,7   23:58  10,4   0,0   1,5   2,1   8,2   13:19     W
 2   3,0   6,7   00:28  -1,4   23:58  15,4   0,0   0,0   0,8   5,4   00:28   WNW
 3   0,7   5,1   14:17  -3,7   06:29  17,1   0,0   0,0   0,3   4,1   13:51     W
 4   4,6   6,5   13:36   2,6   06:59  13,5   0,0   0,3   0,3   3,1   12:44   WSW
 5   5,1   5,9   18:29   4,1   05:59  13,2   0,0   0,0   0,8   3,7   06:29     W
 6   5,4   7,0   12:24   1,7   20:59  12,8   0,0   0,0   0,2   2,4   04:59     W
 7   5,3   7,8   23:59   4,1   07:58  13,0   0,0   2,4   1,4   8,5   15:49     S
 8   8,7  10,0   13:11   7,7   00:59   9,6   0,0   1,8   1,1   7,8   20:34   WSW
 9   8,6   9,2   22:44   7,9   00:28   9,7   0,0   1,5   1,3   7,1   22:21   WSW
10   8,9   9,7   14:07   8,0   23:30   9,4   0,0   3,0   0,8   6,1   00:29     W
11   7,6   9,0   13:40   6,4   08:00  10,6   0,0   6,3   0,9   5,4   09:56     W
12   4,1   7,7   00:00   2,3   18:44  14,4   0,0   0,9   0,9   5,4   10:56     E
13   5,6   6,8   13:27   4,1   00:29  12,6   0,0   0,0   0,4   3,7   13:11   SSW
14   2,9   5,7   14:30  -0,8   19:28  15,4   0,0   0,3   0,0   1,7   00:29   NNW
15   1,5   2,0   09:00   0,5   00:00  17,1   0,0   0,0   1,2   6,8   17:59     E
16   1,4   2,5   12:09   0,5   19:30  16,8   0,0   0,0   0,9   5,4   02:00    SE
17   2,8   5,7   23:31   0,4   02:30  15,7   0,0   0,3   0,5   5,1   18:28    SW
18   6,1   7,1   12:14   5,0   21:08  12,2   0,0   0,6   0,3   4,1   11:10     W
19   4,9   5,4   13:31   4,4   21:32  13,7   0,0   0,0   0,3   3,7   13:41   SSW
20   3,0   4,4   00:02   1,7   23:02  15,4   0,0   0,0   1,3   8,2   21:45   ESE
21   3,0   5,8   21:42   0,6   03:32  15,2   0,0   0,0   1,9   8,2   20:15     S
22   5,7   6,2   14:01   5,2   16:31  12,7   0,0   0,0   1,7   7,1   22:10     S
23   6,2   7,1   13:01   5,3   08:31  12,1   0,0   0,6   2,6  10,5   22:14   SSW
24   5,7   7,3   12:07   3,5   21:01  12,5   0,0   8,7   2,0   9,9   00:01    SW
25   7,1   9,4   16:43   3,7   00:01  11,4   0,0   1,8   1,4   8,2   12:17   WSW
26   6,9   9,3   03:32   3,9   15:32  11,6   0,0   1,5   2,6  10,2   22:32     W
27   7,7   9,0   21:51   7,0   02:32  10,7   0,0   0,0   2,5  10,2   05:02   WNW
28   6,9   8,9   00:01   4,8   18:32  11,8   0,0   0,0   1,0   5,1   13:24     W
29   4,1   5,9   03:33   2,2   23:33  14,1   0,0   0,0   1,3   7,8   10:13   SSW
30   3,7   5,7   22:32   1,9   08:33  14,8   0,0   0,0   1,4   7,8   19:23   SSW
31   6,5   7,3   16:40   5,4   06:02  11,9   0,0   0,3   1,7   8,5   10:42   SSW
----------------------------------------------------------------------------------
     5,2  10,0     8    -3,7     3   406,8   0,0  31,8   1,2  10,5    23      SW

Max >=  27,0:  0
Max <=   0,0:  0
Min <=   0,0:  3
Min <= -18,0:  0
Max Rain: 8,7 on day 24
Days of Rain: 16 (>= 0,2 mm)  4 (>= 2,0 mm)  0 (>= 20,0 mm)
Heat Base: 18,3  Cool Base: 18,3  Method: Integration