NOAA-Style Climate Reports


Report for 2016 November
                   Monthly Climatological Summary for nov 2016

Name: Vejret Syrenvej 35   City: Svendborg   State: 
Elevation: 32 m  Lat: S 00° 00' 00"   Lon: W 000° 00' 00"

                  Temperature (°C), Rain (mm), Wind Speed (m/s)

                                      Heat  Cool        Avg
    Mean                              Deg   Deg         Wind                 Dom
Day Temp  High   Time   Low    Time   Days  Days  Rain  Speed High   Time    Dir
----------------------------------------------------------------------------------
 1  10,2  11,7   00:24   7,7   19:55   8,1   0,0   0,9   1,1   4,4   03:54   WSW
 2   5,8   7,8   02:26   2,3   23:54  12,7   0,0   0,6   0,7   5,8   17:57     W
 3   4,3   7,4   23:25   0,6   07:54  14,2   0,0   0,6   0,3   4,8   19:27   SSW
 4   7,7   8,5   14:54   6,6   05:25  10,9   0,0   8,7   0,9   6,8   12:54     S
 5   6,6   7,9   00:25   5,6   22:55  11,7   0,0   7,2   0,3   3,7   17:42    SE
 6   5,4   7,5   12:25   2,8   23:55  12,9   0,0   0,9   1,2   8,2   21:22     N
 7   2,1   3,3   12:20   0,7   23:54  16,3   0,0   0,0   0,8   6,1   09:22     N
 8   0,0   1,5   11:12  -0,8   21:54  18,2   0,0   0,0   0,6   5,4   13:45     N
 9   0,7   2,3   14:50  -0,9   18:40  17,9   0,0   1,8   0,4   4,1   23:54   ESE
10   3,3   6,6   14:24   1,5   23:54  15,0   0,0   0,6   1,1   5,1   03:54     E
11   2,3   4,8   12:54  -1,7   23:55  16,4   0,0   0,0   0,3   3,7   10:24     N
12   0,6   5,4   14:16  -3,2   06:55  17,4   0,0   0,3   0,4   4,4   12:45   SSE
13   1,0   4,8   14:51  -1,5   22:55  17,6   0,0   0,0   0,4   4,1   14:25    SE
14   2,0   4,2   14:26  -1,3   00:25  16,5   0,0   3,6   1,1   6,8   22:53     S
15   6,8  10,3   16:56   4,1   00:25  11,6   0,0   2,4   1,2   5,8   11:46    SW
16   6,6   9,5   17:53   3,2   07:25  11,7   0,0   3,0   1,1   6,5   17:25     S
17   6,6   8,1   23:56   4,9   06:26  11,8   0,0   1,5   1,7   7,5   13:21   SSE
18   7,0   8,8   01:26   5,8   21:28  11,1   0,0   0,3   2,3  10,2   19:28     S
19   5,4   7,0   14:26   3,8   06:56  12,8   0,0   0,6   1,7   7,1   09:53     S
20   6,4  10,4   21:39   3,5   05:55  11,9   0,0   0,9   2,6  11,2   14:53    SE
21   9,0  10,2   12:56   7,9   08:54   9,5   0,0   0,9   1,3   5,4   00:26    SE
22   9,5  11,7   13:54   7,7   23:56   8,8   0,0   0,0   0,7   5,1   07:26   SSE
23   7,6  10,2   13:43   5,7   09:08  10,7   0,0   0,0   0,1   2,4   10:38    SW
24   4,4   8,0   14:18   2,2   07:57  13,8   0,0   0,3   0,2   3,1   12:49   WNW
25   3,2   4,7   13:38   0,6   07:27  15,1   0,0   0,0   0,2   3,4   11:59    SW
26   7,1   9,6   17:07   4,7   00:27  11,0   0,0   0,3   1,8  10,2   18:07     W
27   4,5   6,8   13:38   2,9   18:27  13,5   0,0   0,0   0,8   6,1   13:07   WNW
28   0,9   4,0   13:57  -1,8   21:27  17,7   0,0   0,0   0,4   5,1   11:27   WNW
29   3,8   5,8   23:57  -1,3   00:28  14,6   0,0   0,3   1,0   5,1   13:58   WSW
30   6,9   7,9   23:28   5,8   00:27  11,6   0,0   1,5   1,5   6,5   19:28     W
----------------------------------------------------------------------------------
     4,9  11,7     1    -3,2    12   403,0   0,0  37,2   0,9  11,2    20     SSW

Max >=  27,0:  0
Max <=   0,0:  0
Min <=   0,0:  8
Min <= -18,0:  0
Max Rain: 8,7 on day 4
Days of Rain: 21 (>= 0,2 mm)  5 (>= 2,0 mm)  0 (>= 20,0 mm)
Heat Base: 18,3  Cool Base: 18,3  Method: Integration