NOAA-Style Climate Reports


Report for 2016 Oktober
                   Monthly Climatological Summary for okt 2016

Name: Vejret Syrenvej 35   City: Svendborg   State: 
Elevation: 32 m  Lat: S 00° 00' 00"   Lon: W 000° 00' 00"

                  Temperature (°C), Rain (mm), Wind Speed (m/s)

                                      Heat  Cool        Avg
    Mean                              Deg   Deg         Wind                 Dom
Day Temp  High   Time   Low    Time   Days  Days  Rain  Speed High   Time    Dir
----------------------------------------------------------------------------------
 1  14,8  19,7   16:07  11,4   06:21   3,5   0,1   0,9   0,4   4,1   14:47   SSE
 2  14,0  19,4   17:11   9,3   23:52   4,3   0,0   7,5   0,4   3,7   12:41   ESE
 3  12,4  14,2   14:54   8,9   00:52   6,0   0,0   5,4   0,8   6,1   09:20     N
 4  12,1  16,0   15:08   9,4   07:23   6,1   0,0   0,0   0,8   6,8   22:52     N
 5  10,1  14,1   14:38   6,8   07:52   8,1   0,0   0,0   0,9   8,2   15:30   NNW
 6  10,4  11,7   15:07   9,2   00:52   8,0   0,0   0,0   1,2   7,8   00:22   NNW
 7  10,3  11,9   15:59   0,0   00:22   8,2   0,0   0,0   0,6   5,1   08:34     N
 8  10,5  14,5   14:22   6,3   00:22   7,9   0,0   0,0   0,8   5,4   09:43     N
 9   8,9  10,7   17:09   7,7   23:52   9,3   0,0   1,2   0,1   3,7   10:32    NW
10   9,8  11,3   12:22   7,7   00:22   8,5   0,0   4,2   0,5   6,1   21:52     N
11   8,9   9,4   00:53   8,4   13:53   9,7   0,0   0,9   1,3   6,8   13:53     N
12   9,3  10,6   12:53   0,0   15:22   9,0   0,0   0,9   1,4   6,8   12:24   NNE
13   9,9  11,5   14:52   8,8   23:54   8,6   0,0  13,5   1,6   8,8   16:19   ENE
14   9,5  11,0   13:16   7,9   04:24   8,9   0,0   0,0   2,7   9,9   14:40     E
15  10,2  11,1   11:53   9,0   20:53   8,3   0,0   0,9   2,4  10,5   14:59     E
16   9,5  10,3   15:53   8,8   08:23   9,0   0,0   0,3   1,2   5,1   22:39     E
17   9,5  10,0   22:53   8,9   07:24   8,8   0,0   0,0   1,5   6,8   11:17     E
18  11,3  13,0   15:53  10,0   00:24   6,9   0,0   0,0   0,4   3,7   14:43   ESE
19  10,6  11,5   13:16   9,5   07:23   7,7   0,0  18,0   0,4   4,4   15:49    NE
20  10,3  12,4   13:24   9,1   05:54   8,2   0,0   3,0   1,1   6,1   14:24    NE
21   9,0   9,7   00:24   8,4   09:22   9,3   0,0  11,1   1,0   7,1   10:16     N
22   7,3   9,2   00:24   6,1   18:24  11,2   0,0   4,2   0,4   4,8   07:49   NNW
23   7,7  10,6   14:16   4,5   02:54  10,4   0,0   1,2   0,2   4,8   11:34   ESE
24   8,2  11,2   14:24   6,5   04:54  10,3   0,0   0,3   0,3   4,4   13:48   NNE
25   7,2  11,6   14:25   3,8   07:54  11,0   0,0   0,3   0,0   1,7   16:25    NW
26   7,1   9,9   13:55   4,0   03:25  11,2   0,0   0,0   0,3   3,7   23:55     S
27  11,6  14,6   15:25   8,5   00:25   6,8   0,0   3,6   0,8   6,1   18:35   SSW
28  11,8  13,0   13:09   9,6   23:55   6,4   0,0   0,3   1,1   6,1   05:25   WSW
29  10,0  12,6   14:22   8,3   22:48   8,2   0,0   0,0   1,0   8,5   13:32     W
30   8,9  11,4   14:24   6,6   07:54   9,4   0,0   0,0   0,1   1,7   00:24     W
31  10,6  12,3   14:24   7,7   00:25   7,7   0,0   0,0   0,1   3,7   22:11   WSW
----------------------------------------------------------------------------------
    10,1  19,7     1     0,0     7   256,9   0,1  77,7   0,8  10,5    15      NE

Max >=  27,0:  0
Max <=   0,0:  0
Min <=   0,0:  2
Min <= -18,0:  0
Max Rain: 18,0 on day 19
Days of Rain: 19 (>= 0,2 mm)  9 (>= 2,0 mm)  0 (>= 20,0 mm)
Heat Base: 18,3  Cool Base: 18,3  Method: Integration