NOAA-Style Climate Reports


Report for 2016 Oktober
                   Monthly Climatological Summary for Oct 2016

Name: Vejret i Vindeby   City: Svendborg   State: 
Elevation: 35 m  Lat: N 55 02 30   Lon: E 010 37 00

                  Temperature (°C), Rain (mm), Wind Speed (m/s)

                                      Heat  Cool        Avg
    Mean                              Deg   Deg         Wind                 Dom
Day Temp  High   Time   Low    Time   Days  Days  Rain  Speed High   Time    Dir
----------------------------------------------------------------------------------
01  13.6  17.9   12:50  10.1   06:24   4.7   0.0   1.0   0.2   4.0   14:08   WSW
02  12.5  16.1   12:30   7.7   23:41   5.8   0.0   9.0   0.1   4.9   15:52   SSW
03  11.9  14.2   17:26   7.4   00:16   6.4   0.0   8.0   1.4   8.9   12:37   ENE
04  11.2  13.6   13:57   9.2   06:48   7.1   0.0   0.0   1.7   8.0   23:13   ENE
05   9.3  12.2   14:08   6.1   07:44   9.0   0.0   0.0   2.1  10.3   23:55   ENE
06  10.0  11.4   22:30   8.8   03:36   8.3   0.0   0.0   2.9  14.8   14:29   ENE
07   9.7  10.9   15:56   5.1   23:26   8.6   0.0   0.0   2.2  13.9   00:22   ENE
08   9.8  12.4   13:41   5.4   00:00   8.5   0.0   0.0   2.0   8.5   11:58   ENE
09   8.2   9.6   17:02   6.6   23:45  10.2   0.0   1.2   0.3   5.4   10:02    NE
12   7.3   7.3   00:00   7.3   00:00   0.0   0.0   0.0   2.2   0.0   00:00   ENE
13   9.6  10.5   15:14   0.0   15:08   3.2   0.0  22.2   2.7  11.6   19:39     E
14   8.9  10.7   13:05   7.4   03:50   9.4   0.0   0.0   2.8  11.2   18:29     E
15   9.6  10.6   11:36   8.3   20:28   8.7   0.0   1.4   3.0  14.3   06:55     E
16   8.9   9.7   15:19   8.2   07:40   9.4   0.0   0.0   1.0   6.7   20:54   ESE
17   8.9   9.4   23:43   8.2   07:41   9.4   0.0   0.2   1.3   6.7   08:48    SE
18  10.7  12.4   15:25   9.4   00:00   7.6   0.0   0.4   0.5   4.5   18:18   SSE
19   9.9  10.9   00:00   8.7   04:53   8.4   0.0  23.8   1.0  13.4   23:07   ENE
20   9.8  12.1   13:00   8.4   05:22   8.5   0.0   4.0   2.1  11.6   17:39   ENE
21   8.4   9.1   00:00   7.7   17:52   9.9   0.0  11.0   2.5  18.3   10:38   ENE
22   6.7   8.6   00:00   5.3   23:58  11.6   0.0   4.0   1.1  15.2   18:24   ENE
23   7.1   9.8   14:07   3.1   02:29  11.2   0.0   1.2   0.1   7.2   12:15    SE
24   7.4  10.6   14:13   5.3   04:27  10.9   0.0   0.4   0.6   8.0   20:37   ENE
25   6.3  10.7   13:56   2.4   03:07  12.0   0.0   0.2   0.1   5.4   07:03   NNE
26   6.4   9.4   13:02   2.7   02:50  11.9   0.0   0.0   0.4  12.1   21:23   WSW
27  11.0  13.2   13:39   8.2   00:00   7.3   0.0   3.4   0.6  10.7   04:27     W
28  11.2  12.5   13:01   8.9   23:18   7.1   0.0   0.6   0.7  13.0   11:04     W
29   9.3  11.7   14:14   7.6   22:26   9.0   0.0   0.0   0.9  18.3   15:33   WNW
30   8.0  10.7   13:12   5.3   07:30  10.8   0.0   0.0   0.1   6.7   10:29   WNW
31  10.0  11.9   14:28   6.3   00:01   8.3   0.0   0.0   0.3  10.3   22:53     W
----------------------------------------------------------------------------------
     9.4  17.9     1     0.0    13   243.2   0.0  92.0   1.3  18.3    21     ENE

Max >=  27.0  0
Max <=   0.0  0
Min <=   0.0  1
Min <= -18.0  0
Max Rain: 23.8 on day 19
Days of Rain: 17 (>= 0.2 mm)  8 (>= 2.0 mm)  2 (>= 20.0 mm)
Heat Base: 18.3  Cool Base: 18.3  Method: Integration