NOAA-Style Climate Reports


Report for 2016 September
                   Monthly Climatological Summary for sep 2016

Name: Vejret Syrenvej 35   City: Svendborg   State: 
Elevation: 32 m  Lat: S 00° 00' 00"   Lon: W 000° 00' 00"

                  Temperature (°C), Rain (mm), Wind Speed (m/s)

                                      Heat  Cool        Avg
    Mean                              Deg   Deg         Wind                 Dom
Day Temp  High   Time   Low    Time   Days  Days  Rain  Speed High   Time    Dir
----------------------------------------------------------------------------------
 1  18,1  22,9   12:49  14,2   03:49   1,4   1,2   0,6   0,4   4,8   18:21     W
 2  18,1  21,7   11:19  14,3   06:49   1,1   0,9   0,3   0,8   6,8   16:46   SSW
 3  18,1  22,2   14:18  15,9   23:49   0,9   0,7   2,1   0,5   5,8   13:53   WSW
 4  16,4  19,2   14:49  14,2   05:49   2,0   0,1  28,8   0,4   4,8   09:13     E
 5  18,5  25,1   15:51  13,7   23:48   1,7   1,9   1,8   0,3   3,4   01:19    NE
 6  18,2  24,2   17:48  10,9   06:48   2,2   2,1   0,0   0,7   5,4   11:14     S
 7  20,5  27,3   15:58  16,3   23:51   0,3   2,5   0,0   0,2   3,1   16:20   SSW
 8  21,1  28,9   17:51  13,6   05:21   1,3   4,1   0,0   0,4   3,7   14:21     E
 9  20,1  25,5   15:59  15,6   23:51   4,9   1,7   0,0   0,2   4,4   14:30     W
10  19,9  27,3   17:43  12,7   06:21   1,6   3,1   0,0   0,7   5,4   13:53    SE
11  20,3  25,3   18:21  14,9   23:51   0,4   2,5   0,0   0,5   5,4   10:20   SSW
12  20,7  27,5   17:41  14,0   02:51   1,1   3,5   0,0   0,8   5,8   16:11     E
13  22,9  29,6   15:21  18,6   04:21   0,0   4,5   0,0   0,7   3,7   21:54   ENE
14  22,3  28,1   15:50  18,1   06:50   0,0   4,0   0,0   0,7   5,1   09:44   ENE
15  21,5  27,4   16:20  16,1   05:50   0,4   3,7   0,0   0,5   4,1   21:42     E
16  20,3  24,9   14:35  16,0   06:21   0,4   2,5   0,0   1,0   5,8   14:32     E
17  18,5  21,3   12:50  15,3   23:51   0,4   0,6   0,0   1,0   5,8   11:13    NE
18  16,7  22,0   14:30  13,2   06:51   2,1   0,6   0,0   0,9   6,1   14:28   NNE
19  15,8  18,1   14:32  12,0   23:52   2,5   0,0   0,0   0,3   4,1   11:26    NE
20  14,7  21,2   15:51   8,6   05:22   4,1   0,4   0,0   0,1   2,4   12:21   WNW
21  17,6  22,7   17:21  13,5   23:52   2,0   1,3   0,0   0,3   3,7   11:51   ENE
22  16,1  22,0   15:20  10,9   05:22   3,0   0,7   0,0   0,5   4,4   14:36   ESE
23  16,2  21,7   14:51  12,2   06:51   2,7   0,5   0,9   0,2   2,7   17:10   WSW
24  15,7  21,8   16:20  10,0   07:20   3,3   0,8   0,0   0,3   3,1   16:20   SSE
25  17,9  23,0   14:21  11,9   07:21   1,8   1,4   0,0   1,0   5,4   10:07   ESE
26  17,3  23,9   17:07  14,2   05:52   1,8   0,8   0,9   0,1   3,7   00:22   ESE
27  17,3  23,1   15:51  12,0   06:21   2,2   1,1   0,0   0,3   3,1   15:21     S
28  17,8  19,8   15:51  16,6   21:21   0,8   0,3   0,0   1,6   7,1   11:18   WSW
29  16,8  17,8   04:22  15,2   22:22   1,5   0,0   8,4   1,7   9,2   12:22     S
30  14,1  17,8   10:49  11,7   15:51   4,2   0,0   7,8   1,1   8,5   12:45    SW
----------------------------------------------------------------------------------
    18,3  29,6    13     8,6    20    52,1  47,5  51,6   0,6   9,2    29      SE

Max >=  27,0:  7
Max <=   0,0:  0
Min <=   0,0:  0
Min <= -18,0:  0
Max Rain: 28,8 on day 4
Days of Rain: 9 (>= 0,2 mm)  4 (>= 2,0 mm)  1 (>= 20,0 mm)
Heat Base: 18,3  Cool Base: 18,3  Method: Integration