NOAA-Style Climate Reports


Report for 2016 August
                   Monthly Climatological Summary for aug 2016

Name: Vejret Syrenvej 35   City: Svendborg   State: 
Elevation: 32 m  Lat: S 00° 00' 00"   Lon: W 000° 00' 00"

                  Temperature (°C), Rain (mm), Wind Speed (m/s)

                                      Heat  Cool        Avg
    Mean                              Deg   Deg         Wind                 Dom
Day Temp  High   Time   Low    Time   Days  Days  Rain  Speed High   Time    Dir
----------------------------------------------------------------------------------
 1  17,0  21,0   14:06  14,3   04:47   1,6   0,3   0,9   0,5   6,1   15:29     W
 2  18,3  24,4   16:33  13,1   05:17   1,6   1,6   0,3   0,4   4,4   18:38   SSW
 3  17,3  20,3   14:47  13,5   01:48   1,5   0,5   9,0   0,8   5,8   10:29    SE
 4  18,8  24,0   14:47  16,5   22:17   0,6   1,1   1,2   0,9   6,1   12:47   SSW
 5  19,1  24,4   15:47  15,8   02:17   0,7   1,5   0,9   0,6   5,1   09:50   WSW
 6  16,8  20,1   15:18  13,8   23:48   2,1   0,2   2,7   0,6   5,1   10:41     W
 7  17,7  23,2   14:18  12,6   04:18   1,6   1,1   0,0   1,0   7,1   12:18    SW
 8  18,4  21,9   14:57  14,2   11:50   0,9   0,7   0,9   1,3   9,7   11:50    SW
 9  14,9  17,6   16:18  12,7   22:17   3,5   0,0   2,1   1,2   6,5   18:09   WSW
10  14,8  17,8   16:47  11,3   23:47   4,2   0,0   0,0   1,0   7,1   14:47     W
11  14,6  20,6   14:14  10,3   05:17   3,8   0,2   0,0   0,6   8,5   14:52    SW
12  16,8  20,1   12:47  13,3   00:47   1,8   0,3   0,0   0,5   4,4   11:07   SSW
13  17,7  21,8   13:19  15,0   23:17   1,0   0,4   0,3   0,9   6,5   11:33   WSW
14  16,5  19,9   15:47  13,3   06:17   5,7   0,2   0,3   0,4   3,7   10:18     W
15  17,2  21,2   17:48   0,0   00:17   2,6   0,4   0,0   0,2   3,1   09:22   WNW
16  18,9  25,4   13:48  11,3   06:18   1,3   1,7   0,0   0,3   5,4   17:53     N
17  18,0  25,2   10:47   9,7   05:47   2,5   2,5   0,0   0,1   3,1   15:17     W
18  17,3  22,1   13:12  13,7   02:47   1,6   0,6   0,0   0,3   5,4   12:11    NW
19  19,2  26,0   16:47  15,0   00:16   1,3   2,2   0,0   0,3   3,7   14:17    SW
20  18,6  23,4   13:47  15,3   22:47   0,8   1,1   0,6   0,3   4,1   15:52   SSE
21  18,8  24,1   15:15  13,5   06:18   1,3   1,8   0,9   0,6   5,8   14:57     S
22  18,9  22,0   15:15  16,0   06:47   0,7   1,0   1,2   1,1   8,5   14:17     S
23  20,3  23,8   16:50  16,1   23:50   1,6   1,3   3,3   0,7   3,7   00:17   SSW
24  20,9  27,5   15:50  12,9   06:20   1,3   4,0   0,0   0,5   4,4   10:50     E
25  24,0  30,5   16:49  16,8   05:50   0,2   5,9   0,0   0,8   5,1   10:49     E
26  23,7  31,1   15:19  17,2   06:49   0,1   5,5   0,0   0,6   3,7   01:19   SSW
27  20,5  27,0   16:49  14,8   06:49   0,9   3,1   0,0   0,2   3,1   12:49     E
28  20,0  26,0   12:18  15,4   05:49   0,5   2,2  18,9   0,7   6,5   08:30     E
29  18,0  21,4   15:57  14,1   23:49   0,8   0,5   0,0   1,0   5,8   10:59     W
30  18,1  23,3   14:19  12,9   04:49   1,6   1,4   0,0   0,4   4,4   12:49   WSW
31  20,3  26,3   17:20  14,6   03:49   1,0   3,1   0,0   0,5   5,4   13:50     S
----------------------------------------------------------------------------------
    18,4  31,1    26     0,0    15    50,7  46,4  43,5   0,6  44,2     8      SW

Max >=  27,0:  4
Max <=   0,0:  0
Min <=   0,0:  1
Min <= -18,0:  0
Max Rain: 18,9 on day 28
Days of Rain: 15 (>= 0,2 mm)  5 (>= 2,0 mm)  0 (>= 20,0 mm)
Heat Base: 18,3  Cool Base: 18,3  Method: Integration