NOAA-Style Climate Reports


Report for 2016 Juli
                   Monthly Climatological Summary for Jul 2016

Name: Vejret i Vindeby   City: Svendborg   State: 
Elevation: 32 m  Lat: N 55 02 32   Lon: E 010 37 02

                  Temperature (°C), Rain (mm), Wind Speed (m/s)

                                      Heat  Cool        Avg
    Mean                              Deg   Deg         Wind                 Dom
Day Temp  High   Time   Low    Time   Days  Days  Rain  Speed High   Time    Dir
----------------------------------------------------------------------------------
01  17.0  19.8   13:49  15.3   06:10   1.3   0.0   2.4   1.0   6.7   13:20   WSW
02  16.2  19.9   17:45  13.3   23:35   2.2   0.1  15.2   1.1   6.7   12:57     W
03  15.0  19.3   13:58  11.7   02:10   3.3   0.0   7.0   1.3   7.6   13:31     W
04  16.4  21.6   16:41  12.3   05:09   2.6   0.7   0.0   1.2   7.2   16:01     W
05  14.8  21.4   09:55  10.2   03:58   3.6   0.1   8.4   0.6   7.6   23:57     W
06  14.7  18.6   14:58  12.1   02:01   3.6   0.0   0.0   2.8  10.7   16:13   WNW
07  15.7  20.1   16:15  11.3   03:04   2.7   0.1   0.0   1.4   7.6   16:23     W
08  17.1  22.2   12:41  14.2   22:48   1.8   0.6   4.2   1.0   7.6   22:07     W
09  16.7  21.4   15:17  13.7   05:12   2.0   0.4   0.2   1.5   8.0   00:33   WNW
10  18.3  22.0   14:27  15.1   01:40   1.0   1.0  18.8   0.8   6.3   12:10     W
11  17.5  21.4   14:32  15.7   23:18   1.1   0.3   3.8   1.2   7.2   21:39     W
12  17.5  21.4   15:13  13.2   23:56   1.5   0.6   5.8   1.4   7.6   01:03     W
13  15.8  21.3   15:20  10.1   04:33   3.0   0.4   0.0   0.7   5.4   16:55     W
14  14.6  19.4   15:44   9.2   03:21   3.7   0.0   0.0   1.1   7.2   16:35   WNW
15  15.7  18.8   16:30  16.2   12:28   2.6   0.0   0.0   1.9   7.1   16:28   WNW
16  17.2  20.0   19:17  13.7   00:49   2.7   0.1   0.3  ----   5.8   12:58     W
17  15.8  24.7   02:52  16.9   17:12   2.7   0.2   1.8  ----  12.9   12:32   WNW
18  13.7  15.5   00:02  13.1   04:22   4.8   0.0   1.2  ----   2.4   00:02    NW
19  16.2  24.6   18:05  13.8   07:02  11.7   1.4   0.0   0.6   8.0   12:02    NW
20  19.2  22.0   20:50  18.2   23:16   0.0   0.1   3.0   0.4   2.7   22:05     E
21  20.8  27.6   15:50  16.9   04:44   0.3   2.8   0.0   1.0   6.3   19:22     E
22  21.5  28.8   16:57  15.4   04:19   0.5   3.7   0.0   0.8   6.7   11:22   ESE
23  21.6  27.3   16:13  17.1   23:47   0.2   3.5   0.0   0.2   3.1   12:59   ESE
24  21.0  27.7   15:59  14.0   05:31   1.0   3.8   0.0   0.5   5.4   12:11     E
25  21.2  28.1   14:21  15.4   01:33   0.5   3.4   0.2   0.4   6.3   17:49    SW
26  18.8  23.9   17:11  13.3   23:56   0.8   1.3   0.4   0.8   5.8   13:41   WNW
27  17.4  22.8   16:41  12.2   03:06   2.0   1.1   1.2   0.6   5.8   15:23   SSE
28  18.6  24.2   16:49  14.1   23:54   1.1   1.4   0.2   0.7   4.9   05:12   WNW
29  19.3  24.4   15:47  13.9   00:16   0.7   1.7   0.0   0.7  11.2   19:13     W
30  18.6  23.1   16:25  14.0   23:48   0.6   0.9   4.4   1.4  15.2   14:31     W
31  15.8  20.9   18:32  10.3   05:34   2.7   0.2   1.0   0.1  11.6   22:29   WNW
----------------------------------------------------------------------------------
    17.4  28.8    22     9.2    14    68.3  29.9  79.5   0.9  15.2    30       W

Max >=  27.0  5
Max <=   0.0  0
Min <=   0.0  0
Min <= -18.0  0
Max Rain: 18.8 on day 10
Days of Rain: 19 (>= 0.2 mm)  10 (>= 2.0 mm)  0 (>= 20.0 mm)
Heat Base: 18.3  Cool Base: 18.3  Method: Integration