NOAA-Style Climate Reports


Report for 2016 Juni
                   Monthly Climatological Summary for jun 2016

Name: Vejret Syrenvej 35   City: Svendborg   State: 
Elevation: 32 m  Lat: S 00° 00' 00"   Lon: W 000° 00' 00"

                  Temperature (°C), Rain (mm), Wind Speed (m/s)

                                      Heat  Cool        Avg
    Mean                              Deg   Deg         Wind                 Dom
Day Temp  High   Time   Low    Time   Days  Days  Rain  Speed High   Time    Dir
----------------------------------------------------------------------------------
 1  22,1  28,0   16:41  17,4   03:11   0,1   4,0   0,0   0,6   5,4   00:11     N
 2  21,2  26,3   14:41  17,2   04:41   0,2   3,1   0,0   0,9   5,8   15:43   ENE
 3  22,9  30,1   16:12  16,7   04:42   0,3   4,7   0,0   0,6   5,1   12:43    NE
 4  24,2  32,4   11:12  14,5   05:12   0,7   6,7   0,0   0,2   3,4   15:42     E
 5  23,0  31,3   13:42  14,4   05:11   0,8   5,5   0,0   0,6   3,7   19:12   ENE
 6  19,7  25,2   11:12  13,7   03:11   1,3   2,7   0,0   1,5   6,1   23:35     E
 7  19,0  26,4   14:41   0,0   00:11   2,4   3,2   0,0   1,2   6,1   00:41   ESE
 8  18,4  23,1   16:11   0,0   00:11   7,9   0,7   0,0   0,4   3,4   17:46     W
 9  18,3  26,3   10:57  10,6   05:11   2,4   2,4   0,0   0,5   4,1   11:15    SW
10  15,7  21,7   14:12  11,0   01:11   3,2   0,4   0,0   0,7   4,4   06:41   WNW
11  16,6  23,5   13:41   7,8   05:11   3,2   1,6   0,0   0,6   4,4   16:35   ENE
12  14,9  18,1   12:41  10,3   02:41   3,5   0,0   0,0   0,9   4,4   11:11     E
13  14,8  18,1   17:12  12,9   05:41   3,6   0,0   5,4   1,7   7,1   16:12     E
14  15,9  19,2   17:42  14,4   04:42   2,5   0,0   0,0   1,1   5,8   08:56     E
15  19,0  25,0   14:18  15,2   23:41   1,2   1,9   0,9   0,5   3,4   13:58    SE
16  17,9  23,2   15:10  13,5   04:41   1,6   1,2   0,0   0,3   4,1   16:23    SW
17  17,3  22,4   14:12  12,4   05:42   2,0   1,0   0,9   0,3   3,7   16:42     W
18  17,0  22,3   14:11  13,0   03:12   2,0   0,6   0,3   0,8   6,5   13:58     W
19  15,3  18,2   14:11  13,3   04:11   3,0   0,0   0,0   0,8   5,1   10:55     W
20  17,1  23,2   14:12  10,9   05:11   2,5   1,3  11,1   1,2   9,2   11:19   SSE
21  17,9  23,1   16:52  15,3   01:42   1,4   1,0   7,8   0,5   4,1   04:12   SSW
22  18,8  24,4   16:20  13,2   02:41   1,2   1,8   0,6   0,4   4,8   08:31   ESE
23  22,7  30,4   15:42  15,1   04:12   0,6   4,7  50,4   1,7   5,1   13:42     E
24  22,6  26,3   15:43  19,9   06:13   1,5   3,9   2,4   0,4   5,1   11:13   SSW
25  19,5  23,0   13:45  16,6   21:45   0,3   1,7   8,4   0,4   4,8   21:15    NW
26  18,0  23,0   16:45  14,6   05:15   1,3   1,0   0,3   0,7   5,1   14:45   WSW
27  17,4  21,8   12:45  14,2   05:15   1,6   0,7   2,4   1,0   5,1   09:45     S
28  17,4  21,5   15:15  13,7   05:15   1,8   0,8   0,0   0,2   2,4   12:15   WSW
29  17,4  22,5   15:45  13,8   01:45   1,8   0,9   6,6   0,7   4,1   11:45   ESE
----------------------------------------------------------------------------------
    18,7  32,4     4     0,0     7    55,9  57,5  97,5   0,7   9,2    20     ESE

Max >=  27,0:  5
Max <=   0,0:  0
Min <=   0,0:  2
Min <= -18,0:  0
Max Rain: 50,4 on day 23
Days of Rain: 13 (>= 0,2 mm)  8 (>= 2,0 mm)  1 (>= 20,0 mm)
Heat Base: 18,3  Cool Base: 18,3  Method: Integration