NOAA-Style Climate Reports


Report for 2016 Maj
                   Monthly Climatological Summary for maj 2016

Name: Vejret Syrenvej 35   City: Svendborg   State: 
Elevation: 32 m  Lat: S 00° 00' 00"   Lon: W 000° 00' 00"

                  Temperature (°C), Rain (mm), Wind Speed (m/s)

                                      Heat  Cool        Avg
    Mean                              Deg   Deg         Wind                 Dom
Day Temp  High   Time   Low    Time   Days  Days  Rain  Speed High   Time    Dir
----------------------------------------------------------------------------------
 1   9,8  17,4   16:11   3,7   02:37   9,2   0,0   0,0   0,5   3,7   16:19   WNW
 2  11,6  20,2   15:39   1,6   05:08   6,5   0,2   0,0   1,0   5,8   17:12   ESE
 3  11,1  14,5   09:35   7,1   23:38   7,2   0,0   2,1   0,8   4,8   00:09    SW
 4  11,0  17,9   15:08   4,7   05:38   7,1   0,0   0,0   0,5   3,7   15:38   WSW
 5  13,4  20,3   11:38   3,6   06:08   5,5   0,6   0,0   0,4   3,1   12:38     E
 6  14,8  21,7   13:29   7,7   00:39   4,1   0,7   0,0   1,1   6,1   18:36     E
 7  17,2  25,3   13:39   0,0   00:09   3,2   2,0   0,0   1,0   4,8   18:09   ENE
 8  17,7  25,4   13:38  10,4   05:39   2,9   2,2   0,0   1,3   7,5   15:41   ENE
 9  17,0  22,9   13:09  11,6   03:39   2,6   1,3   0,0   1,2   6,1   10:00   NNE
10  18,3  25,5   13:08  11,3   05:38   2,4   2,4   0,0   0,9   5,1   18:08    NE
11  17,1  23,6   15:40  11,7   23:39   2,7   1,5   0,0   1,2   7,5   13:18   NNE
12  14,7  19,2   16:13  10,7   05:09   3,7   0,1   0,0   1,5   7,5   11:21    NE
13  15,4  23,4   15:16   6,1   05:40   4,1   1,2   0,0   0,4   4,8   15:35   WSW
14   9,7  14,1   11:49   6,5   23:07   8,4   0,0   8,7   0,4   4,1   13:30     W
15   9,6  14,2   14:39   5,6   01:39   8,6   0,0   1,5   0,6   4,1   17:09     W
16  10,4  15,3   15:07   6,4   05:40   7,6   0,0   0,0   1,5   7,1   17:41     W
17  10,1  12,6   13:46   7,3   03:39   8,3   0,0   0,0   1,0   5,1   10:47     W
18  13,8  20,5   14:38   6,5   04:40   4,7   0,3   0,0   0,7   5,1   11:54     S
19  17,4  25,2   13:09  10,4   01:39   3,0   2,1   0,0   0,5   3,4   17:09     E
20  15,5  18,6   13:11  13,7   05:41   2,7   0,0   0,0   1,0   6,8   13:30   SSW
21  16,5  21,1   15:11  12,6   05:40   2,3   0,4   1,2   0,9   5,1   11:18   SSE
22  20,6  27,7   16:11  15,1   01:11   0,9   3,3   0,0   1,0   6,5   19:41     E
23  16,5  20,7   15:11  14,4   07:40   2,0   0,3   9,3   0,1   3,7   00:40     W
24  14,6  17,5   16:57  12,1   07:40   3,6   0,0   0,0   0,1   5,1   14:36   WNW
25  18,6  26,8   16:11  13,2   23:41   2,2   2,5   0,0   0,2   3,7   22:15   ENE
26  14,7  17,5   17:11  12,5   02:11   3,7   0,0   0,0   0,4   4,1   09:41   ENE
27  17,5  24,1   13:34  10,6   05:40   2,5   1,8   0,0   0,5   4,1   14:54   ENE
28  17,7  24,2   11:40  11,4   05:10   2,3   1,7   0,0   0,7   4,1   14:40    NE
29  18,6  24,2   16:10   0,0   00:10   1,4   1,7   0,0   0,8   5,8   19:10   NNE
30  19,9  24,5   13:56  16,4   02:40   0,5   2,0   0,0   1,9   9,2   12:59    NE
31  20,0  24,5   13:11  16,4   04:41   0,5   2,2   0,6   0,9   5,8   13:41   ENE
----------------------------------------------------------------------------------
    15,2  27,7    22     0,0     7   126,4  30,5  23,4   0,8   9,2    30     ENE

Max >=  27,0:  1
Max <=   0,0:  0
Min <=   0,0:  2
Min <= -18,0:  0
Max Rain: 9,3 on day 23
Days of Rain: 6 (>= 0,2 mm)  3 (>= 2,0 mm)  0 (>= 20,0 mm)
Heat Base: 18,3  Cool Base: 18,3  Method: Integration