NOAA-Style Climate Reports


Report for 2016 Maj
                   Monthly Climatological Summary for May 2016

Name: Vejret i Vindeby   City: Svendborg   State: 
Elevation: 32 m  Lat: N 55 02 32   Lon: E 010 37 02

                  Temperature (°C), Rain (mm), Wind Speed (m/s)

                                      Heat  Cool        Avg
    Mean                              Deg   Deg         Wind                 Dom
Day Temp  High   Time   Low    Time   Days  Days  Rain  Speed High   Time    Dir
----------------------------------------------------------------------------------
01   8.1  15.1   16:09   2.4   02:27  10.2   0.0   0.0   0.6   4.9   09:59   NNW
02  10.0  17.8   15:25   0.7   03:42   8.3   0.0   0.0   0.8   6.3   23:51   ESE
03  10.2  13.5   18:06   5.7   00:00   8.1   0.0   1.8   1.2   8.0   18:26   WSW
04   8.7  16.2   17:59   3.2   05:36   8.3   0.0   0.0   0.8   5.4   07:43     W
05  10.4  17.3   15:34   2.5   05:29   7.9   0.0   0.0   0.5   5.4   12:05     E
06  12.7  18.4   15:57   5.7   00:00   5.5   0.0   0.0   1.7   9.4   14:08   ENE
07  15.4  23.1   14:19   9.6   04:43   3.8   0.9   0.0   1.9   8.5   17:12     E
08  16.0  22.3   13:43   9.8   05:11   3.3   1.0   0.0   1.8   8.5   16:58     E
09  15.5  20.3   15:34  11.3   03:22   3.1   0.3   0.0   2.2   8.5   14:24     E
10  16.3  22.4   16:25  10.8   05:09   2.9   0.9   0.0   1.8   7.6   15:20     E
11  15.2  20.9   14:08  11.2   23:56   3.4   0.3   0.0   2.4   9.4   23:39     E
12  13.2  17.5   16:01   9.1   23:59   5.1   0.0   0.0   2.8   9.4   12:07     E
13  13.3  21.7   17:18   4.6   04:47   5.4   0.4   0.0   0.9   6.3   15:32   WNW
14   8.7  13.6   10:57   5.5   23:15   9.6   0.0   8.6   1.0   6.3   15:37   WNW
15   8.9  13.8   17:17   4.6   01:28   9.4   0.0   1.2   1.4  10.7   12:47   WNW
16  10.0  15.3   15:48   5.8   05:18   8.3   0.0   0.0   2.3  10.7   15:52   WNW
17   9.6  12.5   13:44   6.4   03:23   8.7   0.0   0.0   1.7   7.6   15:25   WNW
18  12.8  19.2   17:26   4.6   04:07   5.5   0.0   0.0   0.9   5.8   11:19    SW
19   9.0  15.0   00:00   8.7   01:02   0.4   0.0   0.0   0.0   1.3   00:00    SE
20  14.4  17.8   13:01   8.7   00:26   3.8   0.0   0.0   1.1   6.7   15:25     W
21  15.3  20.2   14:57  11.6   05:26   3.1   0.1   1.2   0.9   4.9   10:53   WSW
22  19.1  26.3   16:29  13.5   01:10   1.3   2.1   0.0   1.3   8.5   15:43    SE
23  15.3  19.5   15:16  13.6   07:20   3.1   0.0  12.4   0.6   6.3   00:34   NNE
24  13.9  16.6   16:50  11.4   07:33   4.4   0.0   0.0   0.8   7.2   14:34   NNW
25  16.8  24.1   16:03  12.4   23:59   2.6   1.1   0.0   0.8   5.8   18:05    NE
26  13.7  16.0   16:35  11.9   02:15   4.6   0.0   0.0   1.2   5.8   13:08   ENE
27  15.5  21.3   15:31   9.6   05:24   3.2   0.5   0.0   1.0   5.4   14:38     E
28  16.0  20.9   14:34  10.4   04:15   2.9   0.6   0.0   1.2   7.2   15:18     E
29  17.3  22.8   16:59  13.3   00:30   1.8   0.8   0.0   1.9   7.2   17:53   ENE
30  18.8  22.9   14:56  15.7   02:17   0.8   1.3   0.0   3.2  10.7   11:00     E
31  18.7  22.9   18:12  15.7   04:28   0.7   1.2   0.6   2.2   8.9   12:51   ENE
----------------------------------------------------------------------------------
    13.5  26.3    22     0.7     2   149.5  11.5  25.8   1.3  10.7    15     ENE

Max >=  27.0  0
Max <=   0.0  0
Min <=   0.0  0
Min <= -18.0  0
Max Rain: 12.4 on day 23
Days of Rain: 6 (>= 0.2 mm)  2 (>= 2.0 mm)  0 (>= 20.0 mm)
Heat Base: 18.3  Cool Base: 18.3  Method: Integration