NOAA-Style Climate Reports


Report for 2016 April
                   Monthly Climatological Summary for apr 2016

Name: Vejret Syrenvej 35   City: Svendborg   State: 
Elevation: 32 m  Lat: S 00° 00' 00"   Lon: W 000° 00' 00"

                  Temperature (°C), Rain (mm), Wind Speed (m/s)

                                      Heat  Cool        Avg
    Mean                              Deg   Deg         Wind                 Dom
Day Temp  High   Time   Low    Time   Days  Days  Rain  Speed High   Time    Dir
----------------------------------------------------------------------------------
 1   6,2  14,1   18:33   0,0   07:04  12,6   0,0   0,0   0,6   2,7   00:19   WSW
 2   8,9  15,3   17:34   2,8   04:33   9,4   0,0   0,0   0,7   4,4   16:04   ESE
 3   9,5  16,2   15:04   4,1   03:04   8,7   0,0   0,0   0,4   3,7   11:04     E
 4  10,4  16,3   17:04   5,5   04:34   7,9   0,0   4,5   0,6   3,1   17:04     E
 5   8,4  10,3   00:04   7,0   07:04   9,9   0,0   6,9   0,3   2,7   19:04   ENE
 6   8,9  13,2   15:04   7,2   03:34   9,4   0,0   2,7   1,6   6,5   22:04   SSW
 7   7,2  10,4   16:32   5,6   04:34  11,5   0,0   3,6   2,2  10,2   15:24     S
 8   8,0  12,5   14:53   5,4   23:34  10,2   0,0   0,3   1,1   8,5   00:53   SSW
 9   8,5  15,8   17:34   2,7   05:04   9,8   0,0   0,0   0,4   3,1   18:04   SSE
10   8,0  13,6   13:42   3,4   03:34  10,1   0,0   0,0   1,3   6,8   15:28     E
11   8,9  13,8   14:56   4,2   05:35   9,3   0,0   0,0   1,7   8,5   17:41    NE
12   7,7  10,4   13:37   6,0   05:36  10,5   0,0   2,4   1,4   6,1   10:21    NE
13   8,9  14,4   17:30   5,9   03:36   9,1   0,0   0,0   0,7   5,1   16:57   NNE
14   8,8  15,2   12:23   2,8   05:35   9,2   0,0   0,0   0,5   4,4   12:18     E
15   9,8  15,1   09:54   6,2   00:36   8,5   0,0   0,0   1,0   6,5   10:13    SE
16  10,0  14,9   17:25   6,3   23:45   8,0   0,0   0,3   1,6  10,5   16:47     S
17   8,2  12,1   16:06   0,0   00:06  10,3   0,0   0,0   2,1   8,8   09:13     W
18   7,8  10,7   13:39   5,3   04:06  10,4   0,0   0,3   1,7   9,2   11:53   WSW
19   8,8  11,8   14:37   6,8   09:08   9,9   0,0   0,0   2,5   8,5   15:07     W
20   9,0  14,7   14:34   5,0   05:38   8,9   0,0   0,0   1,5   6,8   09:34     W
21   8,0  11,6   11:29   3,7   06:07  10,6   0,0   0,0   1,3   5,1   12:14     W
22   9,1  15,6   16:37   4,6   06:08   9,0   0,0   0,0   1,2   5,8   12:51     W
23   5,1  12,0   12:38   1,7   06:08  13,0   0,0   8,7   0,6   3,7   09:42     W
24   3,4   6,2   17:07   1,1   07:08  15,4   0,0   4,5   0,3   3,1   17:37     W
25   4,2   8,4   11:07   0,1   05:37  14,7   0,0   6,0   1,1   6,8   13:37     S
26   4,9   9,1   17:07   2,8   07:37  13,4   0,0  11,1   1,4   9,5   05:07   ESE
27   5,3   9,6   16:08   1,4   08:07  13,3   0,0   3,9   0,7   4,1   14:08     E
28   6,1  11,3   15:38   3,0   01:38  12,3   0,0   9,3   0,7   3,7   18:38     W
29   7,3  11,6   13:33   4,2   02:07  11,0   0,0  10,8   1,5   9,5   11:47   SSE
30   7,8  10,8   10:12   4,7   23:37  10,5   0,0   3,0   0,4   4,1   09:57   SSE
----------------------------------------------------------------------------------
     7,8  16,3     4     0,0     1   316,8   0,0  78,3   1,1  10,5    16     SSW

Max >=  27,0:  0
Max <=   0,0:  0
Min <=   0,0:  2
Min <= -18,0:  0
Max Rain: 11,1 on day 26
Days of Rain: 16 (>= 0,2 mm)  13 (>= 2,0 mm)  0 (>= 20,0 mm)
Heat Base: 18,3  Cool Base: 18,3  Method: Integration