NOAA-Style Climate Reports


Report for 2016 Marts
                   Monthly Climatological Summary for mar 2016

Name: Vejret Syrenvej 35   City: Svendborg   State: 
Elevation: 32 m  Lat: S 00° 00' 00"   Lon: W 000° 00' 00"

                  Temperature (°C), Rain (mm), Wind Speed (m/s)

                                      Heat  Cool        Avg
    Mean                              Deg   Deg         Wind                 Dom
Day Temp  High   Time   Low    Time   Days  Days  Rain  Speed High   Time    Dir
----------------------------------------------------------------------------------
 1   1,8   3,2   13:29   0,6   22:16  16,0   0,0   0,0   1,0   5,8   22:18    SE
 2   3,4   6,3   15:00   0,7   00:00  15,4   0,0  13,8   1,2   7,5   10:25     S
 3   3,3   6,1   14:00  -0,8   03:00  15,8   0,0   0,3   1,0   4,4   09:39     E
 4   2,7   5,0   13:01   1,5   20:31  16,6   0,0   0,0   1,0   4,8   18:31     E
 5   3,1   3,6   23:01   2,2   08:31  14,6   0,0  12,6   0,9   5,0   08:40   ENE
 6   3,3   3,6   00:01   3,0   18:57  15,0   0,0   2,7   0,2   2,7   14:41     W
 7   3,6   5,5   13:58   2,5   07:31  15,1   0,0   0,3   0,9   7,8   14:09     S
 8   2,6   5,3   14:00   0,4   23:01  15,7   0,0   0,9   0,2   3,7   11:00   SSW
 9   3,9   8,7   16:34   0,3   05:31  13,7   0,0   0,3   1,2   7,1   15:44   ESE
10   3,6   6,5   16:01   1,2   23:31  15,0   0,0   0,0   0,8   4,8   10:57   NNE
11   2,8   5,3   15:01   0,5   01:01  15,6   0,0   0,0   0,5   3,1   10:31   NNE
12   2,0   7,6   15:14  -2,0   07:01  16,0   0,0   0,0   0,3   3,4   16:28   NNE
13   1,3   5,0   14:55  -1,3   07:07  16,1   0,0   0,0   0,2   2,7   07:37   NNE
14   4,1   6,0   16:15   1,6   00:02  13,8   0,0   0,0   0,1   2,4   13:25     W
15   4,8   8,9   15:32   1,8   23:31  13,5   0,0   0,0   0,7   5,1   11:26   NNE
16   4,4  11,8   16:31  -1,2   06:31  13,8   0,0   0,0   0,4   3,1   10:36     E
17   5,2  11,8   16:32   0,0   00:02  12,9   0,0   0,0   0,8   6,1   15:22     W
18   4,7  11,1   16:27   0,5   23:33  12,9   0,0   0,0   0,4   3,1   12:23   WNW
19   4,1  10,6   16:33  -0,5   03:33  14,5   0,0   0,0   0,6   3,4   14:33     W
20   7,5  13,0   14:33   3,8   07:03  10,8   0,0   0,0   1,0   5,1   09:11     W
21   6,9   9,4   14:32   5,4   06:33  11,6   0,0   0,0   1,5   6,5   10:57   WNW
22   6,6   8,4   13:32   4,2   23:33  12,0   0,0   0,0   0,5   2,7   00:03     W
23   6,4  11,0   13:03   0,3   23:33  12,2   0,0   0,0   1,0   4,8   13:03   WNW
24   5,0  11,0   10:23  -2,0   06:33  12,9   0,0   1,2   1,0   6,1   12:25     S
25   6,7   9,3   15:45   0,0   00:04  11,6   0,0   1,2   0,9   5,1   10:04   SSW
26   6,5  11,5   14:42   3,2   06:34  12,0   0,0   0,3   1,1   5,8   11:24   SSE
27   7,3   8,7   13:03   6,0   23:18  11,0   0,0   4,8   1,4   6,8   09:03    SE
28   8,4  11,8   11:34   5,8   07:33  10,3   0,0   0,3   1,8   7,1   14:04    SE
29   8,2  12,6   14:08   4,9   06:34   9,9   0,0   0,0   1,6   8,5   10:31   SSW
30   6,3  10,4   15:34   4,3   03:03  11,7   0,0   6,3   1,3   6,1   09:34    SW
31   7,5  12,6   15:33   3,4   23:53  11,5   0,0   0,0   0,8   5,4   13:33     W
----------------------------------------------------------------------------------
     4,8  13,0    20    -2,0    12   419,5   0,0  45,0   0,8   8,5    29       S

Max >=  27,0:  0
Max <=   0,0:  0
Min <=   0,0:  8
Min <= -18,0:  0
Max Rain: 13,8 on day 2
Days of Rain: 13 (>= 0,2 mm)  5 (>= 2,0 mm)  0 (>= 20,0 mm)
Heat Base: 18,3  Cool Base: 18,3  Method: Integration