NOAA-Style Climate Reports


Report for 2016 Februar
                   Monthly Climatological Summary for feb 2016

Name: Vejret i Vindeby   City: Svendborg   State: 
Elevation: 32 m  Lat: N 55° 02' 32"   Lon: E 010° 37' 02"

                  Temperature (°C), Rain (mm), Wind Speed (m/s)

                                      Heat  Cool        Avg
    Mean                              Deg   Deg         Wind                 Dom
Day Temp  High   Time   Low    Time   Days  Days  Rain  Speed High   Time    Dir
----------------------------------------------------------------------------------
 1   4,8   7,8   18:43  -1,2   10:24  13,5   0,0   2,4   1,5   3,6  15:07     W
 2   6,3   7,8   12:36   4,0   20:31  12,1   0,0   3,0   2,9   3,8   19:44     W
 3   4,4   6,5   15:54  -3,6   11:28  13,9   0,0   2,4   2,2   8,8   03:21   WNW
 4   3,4   8,2   14:21   0,2   22:53  15,0   0,0   0,0   1,1   4,4   21:34   WNW
 5   3,5   6,4   23:22   0,9   00:43  14,8   0,0   4,5   0,8   3,9   20:16     W
 6   7,2   8,6   22:17   6,1   01:27  11,1   0,0   0,3   1,4   5,1   12:14     W
 7   7,1   9,5   13:45   6,0   01:22  11,3   0,0   0,0   1,5   6,5   13:36     W
 8   6,0  10,2   18:58   4,6   06:46  12,4   0,0   9,0   2,0   9,2   08:26     W
 9   5,3   8,0   14:22   3,0   23:58  13,0   0,0  11,1   1,6   8,5   10:15     W
10   3,5   4,4   13:49   0,7   12:15  14,9   0,0  11,4   1,1   7,8   00:35     W
11   4,1   6,5   14:43   2,0   22:03  14,2   0,0   0,3   0,2   2,0   13:28   WNW
12   1,0   6,6   12:45  -2,5   07:18  17,2   0,0   0,0   0,4   2,2   21:28     E
13   1,4   4,3   13:36   0,0   01:33  16,9   0,0   0,9   1,3   2,5   22:06     E
14   2,4   5,4   14:07   1,5   00:56  15,9   0,0   0,0   2,5   8,5   13:29   ENE
15   0,5   2,5   12:20  -2,8   23:57  17,8   0,0   0,0   1,8   4,5   04:33   ENE
16  -0,2   8,1   16:07  -4,9   07:52  18,5   0,0   0,0   0,2   3,1   12:44     W
17   1,1   8,6   15:59  -1,4   06:54  17,2   0,0   0,0   1,0   6,5   18:40   ESE
18   1,5   4,0   14:24   0,5   18:29  16,8   0,0   0,0   0,5   4,4   14:19   WSW
19   1,3   2,5   15:36  -1,2   02:26  17,0   0,0   0,0   0,4   4,4   22:48   WSW
20   3,7   6,4   14:24   1,1   00:07  14,7   0,0   4,8   1,8   9,5   08:56     W
21   5,0   6,7   11:38  -1,7   23:17  13,4   0,0   8,4   1,2   6,2   21:36     W
22   4,8   8,1   14:29  -5,4   16:41  13,5   0,0   2,1   1,8   7,8   14:10   WNW
23   4,8   7,7   09:44   2,9   23:13  13,5   0,0   0,0   1,9  11,2   12:52   WNW
24   3,2   8,8   15:46  -2,8   17:46  15,0   0,0   0,0   1,7   8,2   15:18   WNW
25   2,8   8,3   14:35   0,8   05:18  15,4   0,0   0,0   0,9   5,1   11:41     W
26   3,4  10,4   15:55  -0,9   23:57  14,9   0,0   0,0   0,7   4,4   12:45     W
27   0,3   3,5   13:57  -2,6   04:09  18,0   0,0   0,0   0,1   2,4   13:46     W
28   1,2  10,1   15:42  -0,6   02:40  17,2   0,0   0,3   0,3   3,1   13:10   WNW
29   2,2  12,6   15:54  -0,7   18:54  16,1   0,0   0,0   0,6   4,8   11:51     E
----------------------------------------------------------------------------------
     3,3  12,6    29    -5,4    22   435,2   0,0  60,9   1,2  11,2    13       W

Max >=  27,0:  0
Max <=   0,0:  0
Min <=   0,0: 15
Min <= -18,0:  0
Max Rain: 11,4 on day 10
Days of Rain: 14 (>= 0,2 mm)  10 (>= 2,0 mm)  0 (>= 20,0 mm)
Heat Base: 18,3  Cool Base: 18,3  Method: Integration