NOAA-Style Climate Reports


Report for 2016 Januar
                   Monthly Climatological Summary for jan 2016

Name: Vejret Syrenvej 35   City: Svendborg   State: 
Elevation: 32 m  Lat: S 00° 00' 00"   Lon: W 000° 00' 00"

                  Temperature (°C), Rain (mm), Wind Speed (m/s)

                                      Heat  Cool        Avg
    Mean                              Deg   Deg         Wind                 Dom
Day Temp  High   Time   Low    Time   Days  Days  Rain  Speed High   Time    Dir
----------------------------------------------------------------------------------
 1   4,8   6,2   00:17   3,2   09:18  13,0   0,0   0,3   0,5   6,8   23:18    SE
 2   0,4   4,6   00:18  -4,0   23:00  17,9   0,0   0,3   3,7  11,2   22:18     E
 3  -4,5  -3,9   13:48  -5,8   23:49  23,2   0,0   0,0   4,4  10,9   08:49     E
 4  -2,9  -0,9   14:49  -5,9   00:19  21,5   0,0   0,0   3,4  10,2   12:19     E
 5  -1,8  -0,5   13:18  -3,1   04:49  20,4   0,0   0,0   2,3   7,5   11:48     E
 6  -1,0   0,3   14:49  -2,4   01:49  19,3   0,0   0,0   1,7   6,5   09:28   ENE
 7  -1,9   0,0   00:19  -2,6   07:49  20,4   0,0   0,0   3,5  11,6   12:56     E
 8   0,6   2,5   10:44  -1,7   02:50  17,5   0,0   2,7   1,3   8,2   02:20   ESE
 9   1,1   3,8   13:49  -1,6   08:49  17,2   0,0   0,3   0,4   6,1   12:31   ESE
10   2,0   3,4   20:50   1,1   10:20  16,3   0,0   8,4   1,1   7,1   07:20   ESE
11   2,0   3,6   12:21   0,4   05:21  15,5   0,0   0,3   0,6   4,8   17:47     E
12   2,2   3,6   22:52   1,1   00:21  16,0   0,0  11,1   0,8   5,1   09:52   ESE
13   1,0   3,7   00:52  -0,3   16:43  16,2   0,0   4,8   0,4   5,1   06:52     N
14   2,1   3,1   12:07   0,9   19:07  16,7   0,0   0,6   0,8   4,4   05:23   ESE
15   0,6   1,5   07:22  -1,0   20:53  18,0   0,0   0,0   0,8   4,8   08:59   NNE
16  -0,6   1,4   13:53  -2,9   21:53  18,9   0,0   0,0   0,0   1,7   23:23   NNW
17  -2,8   0,1   14:53  -6,7   23:53  21,1   0,0   0,0   0,4   4,1   02:23   NNW
18  -1,2   0,7   18:24  -7,2   02:23  19,4   0,0   0,3   0,4   4,8   21:24    SW
19  -0,9   1,0   17:24  -4,0   23:53  18,8   0,0   0,0   1,1   7,1   08:57   SSW
20  -3,6  -0,9   12:54  -7,0   07:23  21,8   0,0   0,0   0,2   2,4   13:24    NW
21  -3,9  -0,9   12:24  -7,0   05:54  22,6   0,0   0,0   0,1   3,4   12:24   SSW
22  -2,7   0,2   14:57  -5,5   07:55  20,9   0,0   0,0   0,9   4,8   21:27   ESE
23   0,0   2,4   21:26  -2,3   04:27  18,6   0,0   2,7   0,1   2,7   01:27    SE
24   3,2   4,2   23:57   2,0   00:27  14,7   0,0   6,0   0,9   4,4   16:27     S
25   6,3   8,5   20:56   4,1   00:27  12,5   0,0   1,5   0,7   6,5   22:25   SSW
26   6,4   7,6   03:57   4,9   09:57  11,7   0,0   0,6   1,7   9,2   22:27   SSW
27   8,3   9,6   21:15   7,0   00:26   9,7   0,0   3,6   2,6  10,9   13:37     S
28   5,6   8,4   00:27   4,3   09:30  12,6   0,0   0,3   1,8   8,2   22:28     W
29   6,4   8,6   15:58   4,2   06:28  11,9   0,0   0,9   3,1  13,6   12:59   SSW
30   5,9   7,9   06:28   1,5   22:57  12,6   0,0  18,3   1,7   8,5   07:58   SSW
31   2,7   3,7   08:28   1,0   18:28  16,1   0,0  11,1   1,0   6,8   01:28   WSW
----------------------------------------------------------------------------------
     1,1   9,6    27    -7,2    18   533,0   0,0  74,1   1,4  13,6    29      SE

Max >=  27,0:  0
Max <=   0,0:  6
Min <=   0,0: 18
Min <= -18,0:  0
Max Rain: 18,3 on day 30
Days of Rain: 19 (>= 0,2 mm)  9 (>= 2,0 mm)  0 (>= 20,0 mm)
Heat Base: 18,3  Cool Base: 18,3  Method: Integration