NOAA-Style Climate Reports


Report for 2016
                   Annual Climatological Summary for 2016

Name: Vejret Syrenvej 35   City: Svendborg   State: 
Elevation: 32 m  Lat: S 00° 00' 00"   Lon: W 000° 00' 00"

                  Temperature (°C), Heat Base: 18,3  Cool Base: 18,3
                          Dep.  Heat  Cool                       Max  Max  Min  Min
        Mean  Mean        From  Deg   Deg                        >=   <=   <=   <=
 YR MO  Max   Min   Mean  Norm  Days  Days  Hi  Date  Low  Date 27,0  0,0  0,0 -18,0
------------------------------------------------------------------------------------
 16  1   2,8  -1,1   1,0   0.0   533     0   9,6  27  -7,2   18    0    7   19    0
 16  2   5,9   0,6   3,2   0.0   470     0   9,6   7  -4,4   16    0    0   15    0
 16  3   8,2   1,6   4,6   0.0   419     0  13,0  20  -2,0   12    0    0    8    0
 16  4  12,6   4,0   7,8   0.0   316     0  16,3   4   0,0    1    0    0    2    0
 16  5  20,8   9,3  15,2   0.0   126    30  27,7  22   0,0    7    1    0    2    0
 16  6  23,7  13,0  18,6   0.0    57    57  32,4   4   0,0    7    5    0    2    0
 16  7  23,6  14,6  18,8   0.0    63    54  30,8  22  10,9   14    6    0    0    0
 16  8  23,3  13,5  18,4   0.0    50    46  31,1  26   0,0   15    4    0    1    0
 16  9  23,3  14,1  18,4   0.0    52    47  29,6  13   8,6   20    7    0    0    0
 16 10  12,2   7,5  10,1   0.0   256     0  19,7   1   0,0    7    0    0    2    0
 16 11   7,2   2,6   4,9   0.0   403     0  11,7   1  -3,2   12    0    0    8    0
 16 12   6,9   3,4   5,2   0.0   406     0  10,0   8  -3,7    3    0    0    3    0
------------------------------------------------------------------------------------
        14,2   6,9  10,5   0.0  3156   236  32,4 jun  -7,2  jan   23    7   62    0

                                Precipitation (mm)

              Dep.   Max        Days of Rain
              From   Obs.           >=
 YR MO Total  Norm   Day Date  0,2  2,0 20,0
---------------------------------------------
 16  1  74,1   0.0  18,3  30    19    9    0
 16  2  64,5   0.0  12,3   9    17    8    0
 16  3  45,0   0.0  13,8   2    13    5    0
 16  4  78,3   0.0  11,1  26    16   13    0
 16  5  23,4   0.0   9,3  23     6    3    0
 16  6 102,9   0.0  50,4  23    14    9    1
 16  7  78,6   0.0  14,7   2    17    9    0
 16  8  43,5   0.0  18,9  28    15    5    0
 16  9  51,6   0.0  28,8   4     9    4    1
 16 10  77,7   0.0  18,0  19    19    9    0
 16 11  37,2   0.0   8,7   4    21    5    0
 16 12  31,8   0.0   8,7  24    16    4    0
---------------------------------------------
       708,6   0.0  50,4  jun  182   83    2

                                Wind Speed (m/s)
                          Dom
 YR MO   Avg.  Hi   Date  Dir
------------------------------
 16  1   1,4  13,6   29    SE
 16  2   1,1  11,6    1   SSW
 16  3   0,8   8,5   29     S
 16  4   1,1  10,5   16   SSW
 16  5   0,8   9,2   30    NE
 16  6   0,7   9,2   20   ESE
 16  7   0,9  50,8   11   NNW
 16  8   0,6  44,2    8    SW
 16  9   0,6   9,2   29   ESE
 16 10   0,8  10,5   15    NE
 16 11   0,9  11,2   20   SSW
 16 12   1,2  10,5   23    SW
------------------------------
         0,9  50,8  jul     S