NOAA-Style Climate Reports


Report for 2015 December
                   Monthly Climatological Summary for dec 2015

Name: Vejret Syrenvej 35   City: Svendborg   State: 
Elevation: 32 m  Lat: S 00° 00' 00"   Lon: W 000° 00' 00"

                  Temperature (°C), Rain (mm), Wind Speed (m/s)

                                      Heat  Cool        Avg
    Mean                              Deg   Deg         Wind                 Dom
Day Temp  High   Time   Low    Time   Days  Days  Rain  Speed High   Time    Dir
----------------------------------------------------------------------------------
 1   6,0   8,0   13:30   4,6   02:00  12,4   0,0   1,8   1,2   4,4   14:30   WSW
 2   8,9  10,1   10:59   6,1   01:00   9,9   0,0   4,8   1,0   6,5   10:39   SSE
 3   9,0   9,9   00:29   8,5   14:30   9,3   0,0   4,2   1,6   5,8   02:29   SSE
 4   8,5   9,6   12:45   7,2   04:59   9,8   0,0   2,4   2,2   9,9   07:59   SSE
 5   9,2   9,8   04:59   8,4   23:29   9,4   0,0   0,0   3,1   9,9   06:59   SSE
 6   9,6  11,1   16:29   8,1   23:59   8,7   0,0   0,0   3,2  11,6   10:29     S
 7   6,7   9,6   14:29   3,8   18:59  11,7   0,0   0,0   0,4   4,1   23:29   SSE
 8   8,9  10,8   13:48   7,7   00:29   9,2   0,0   4,5   1,1   7,1   21:53    SE
 9   8,1   9,6   00:00   6,7   18:00  10,1   0,0   2,1   1,3   6,8   02:14   SSW
10   7,2   7,8   03:00   6,7   00:00  11,4   0,0   1,8   3,1  10,5   16:38     S
11   6,1   7,4   11:21   4,4   23:31  11,9   0,0   6,9   1,7   8,8   16:26   SSW
12   5,8   7,0   12:30   3,8   23:50  12,8   0,0  11,1   1,2   5,1   00:01   WSW
13   3,3   6,4   14:01  -0,1   23:58  15,6   0,0  15,6   0,8   5,4   00:19   WNW
14   2,4   4,8   18:29  -1,1   04:58  16,3   0,0   6,9   0,4   4,8   17:59     E
15   4,9   5,1   12:28   4,4   00:29  13,5   0,0   7,2   1,0   6,1   18:20     E
16   5,3   8,0   23:59   3,5   06:58  13,3   0,0   3,0   1,5   5,4   13:29     E
17   9,9  11,1   15:59   8,0   00:29   8,3   0,0   0,6   1,1   6,1   10:31     S
18   9,9  10,8   06:29   9,2   20:28   8,4   0,0   0,9   1,0   6,1   10:27    SW
19  10,5  11,4   23:28   9,8   06:29   7,7   0,0   0,0   1,4   7,1   01:33     S
20  10,5  11,3   00:28   9,3   08:58   7,6   0,0   0,0   1,9   8,8   15:31     S
21   9,7  10,9   02:58   8,2   21:00   8,5   0,0   5,4   2,3  11,6   23:32     S
22   9,8  11,8   18:52   7,9   07:59   8,3   0,0   3,0   2,3  12,6   20:15    SW
23   8,1  11,4   00:00   2,1   12:43  13,0   0,0   8,7   1,5   7,8   18:44    SW
24   7,9  10,6   22:15   5,5   04:46  10,3   0,0   0,3   1,9   9,9   21:45   SSE
25   7,7  10,0   00:15   7,0   23:45  10,1   0,0   2,7   1,6   9,5   12:07   SSW
26   7,8  10,6   05:45   5,9   17:15  10,4   0,0  46,8   0,8   4,4   02:15   ENE
27   9,5  10,8   08:11   7,1   00:15   9,0   0,0   0,9   1,8   8,5   10:46   SSW
28   4,9   7,5   00:15   3,3   09:45  13,2   0,0   0,0   1,9  12,9   21:15   ENE
29   4,7   5,3   00:16   4,1   07:46  13,6   0,0   0,0   3,8  13,3   09:37     E
30   4,7   5,5   13:11   2,2   23:53  13,2   0,0   0,0   2,5   9,2   10:24   ESE
31   3,2   6,3   22:47   1,4   06:46  15,3   0,0   6,3   1,3   9,9   10:17   ESE
----------------------------------------------------------------------------------
     7,4  11,8    22    -1,1    14   342,2   0,0 147,9   1,7  13,3    29     SSE

Max >=  27,0:  0
Max <=   0,0:  0
Min <=   0,0:  2
Min <= -18,0:  0
Max Rain: 46,8 on day 26
Days of Rain: 23 (>= 0,2 mm)  17 (>= 2,0 mm)  1 (>= 20,0 mm)
Heat Base: 18,3  Cool Base: 18,3  Method: Integration