NOAA-Style Climate Reports


Report for 2015 November
                   Monthly Climatological Summary for nov 2015

Name: Vejret Syrenvej 35   City: Svendborg   State: 
Elevation: 32 m  Lat: S 00° 00' 00"   Lon: W 000° 00' 00"

                  Temperature (°C), Rain (mm), Wind Speed (m/s)

                                      Heat  Cool        Avg
    Mean                              Deg   Deg         Wind                 Dom
Day Temp  High   Time   Low    Time   Days  Days  Rain  Speed High   Time    Dir
----------------------------------------------------------------------------------
 1   9,3  11,2   17:00   6,4   05:00   7,5   0,0   0,3   0,0   2,0   15:30    SE
 2  10,2  11,1   01:30   8,7   23:59   8,1   0,0   0,0   0,2   3,4   11:52    NE
 3   7,2   8,7   00:29   5,4   23:59  11,2   0,0   0,0   0,2   3,7   05:44   NNE
 4   6,8   9,1   13:00   5,3   00:29  11,5   0,0   0,0   0,4   2,7   13:30     N
 5  10,4  13,5   14:17   7,3   00:29   7,9   0,0   1,8   0,4   2,4   21:23    NE
 6  12,3  13,3   17:46  10,7   00:59   5,9   0,0  11,1   0,7   4,4   22:25    NE
 7  13,3  15,2   20:34   0,2   06:28   5,2   0,0   9,3   1,8  10,9   18:54     E
 8  12,0  13,8   13:29  10,8   17:29   6,6   0,0   0,0   1,7   9,5   01:59    SE
 9  11,7  13,2   04:59  11,0   08:59   6,6   0,0   5,1   1,6   6,1   11:41    SE
10  13,7  14,7   13:28  12,2   00:58   4,5   0,0   1,2   1,8   7,5   09:31   SSE
11  13,1  14,1   00:58  12,3   21:59   5,1   0,0   1,8   1,3   5,4   09:45    SE
12  11,9  13,5   12:28   9,8   22:24   6,2   0,0   0,3   1,5   8,2   11:39   SSE
13  10,3  12,5   14:26   6,5   21:58   7,9   0,0   3,9   2,0   7,5   10:54   ESE
14   8,0  10,0   13:29   6,3   08:28  10,5   0,0   6,6   1,3   5,8   13:59   SSE
15   7,5  10,2   13:59   3,7   22:29  10,5   0,0   2,1   0,1   3,7   03:29   ESE
16   9,9  12,5   13:10   4,0   00:00   8,4   0,0   4,2   1,3   8,8   14:33     E
17   9,7  11,2   22:59   8,1   07:59   8,6   0,0   7,5   1,4   7,8   21:48   ENE
18  10,5  12,3   01:29   9,0   09:47   7,6   0,0   9,9   2,2  11,6   22:34   ESE
19   9,6  11,5   13:46   0,0   08:14   8,6   0,0  29,1   2,4  11,0   08:15     S
20   7,1   8,7   00:00   4,6   18:29  11,4   0,0  15,0   0,7   4,8   21:59   SSW
21   3,6   4,8   01:00   2,3   22:59  14,7   0,0  30,6   1,0   5,8   08:00     W
22   2,1   3,5   18:30   0,7   08:29  16,6   0,0  12,6   1,9   8,5   14:59   WSW
23   2,6   4,8   13:59  -1,1   07:29  15,5   0,0   4,5   0,7   6,1   23:29     E
24   4,3   5,6   03:29   2,8   20:33  13,5   0,0  24,6   3,2  11,2   15:48     E
25   4,5   6,3   15:30   2,8   22:00  14,0   0,0   9,0   0,8   5,4   06:30     E
26   3,6   7,0   14:00   1,4   20:30  14,7   0,0   0,6   3,0   3,9   00:29    NW
27   6,1   6,6   09:57   3,4   00:29  12,5   0,0   0,0   2,0   7,1   20:00     E
28   5,6   7,4   13:59   4,6   07:00  13,0   0,0   5,1   2,0   8,8   23:59   ESE
29   7,1   9,6   20:29   2,1   16:59  11,2   0,0  30,6   2,8  11,2   18:59    SE
30   5,8   7,1   00:29   4,8   07:29  12,6   0,0   3,9   1,9   9,2   00:59   WSW
----------------------------------------------------------------------------------
     8,3  15,2     7    -1,1    23   298,1   0,0 230,7   1,4  11,6    18      SE

Max >=  27,0:  0
Max <=   0,0:  0
Min <=   0,0:  2
Min <= -18,0:  0
Max Rain: 30,6 on day 21
Days of Rain: 25 (>= 0,2 mm)  19 (>= 2,0 mm)  4 (>= 20,0 mm)
Heat Base: 18,3  Cool Base: 18,3  Method: Integration