NOAA-Style Climate Reports


Report for 2015 Oktober
                   Monthly Climatological Summary for okt 2015

Name: Vejret i Vindeby   City: Svendborg   State: 
Elevation: 32 m  Lat: N 55° 02' 32"   Lon: E 010° 37' 02"

                  Temperature (°C), Rain (mm), Wind Speed (m/s)

                                      Heat  Cool        Avg
    Mean                              Deg   Deg         Wind                 Dom
Day Temp  High   Time   Low    Time   Days  Days  Rain  Speed High   Time    Dir
----------------------------------------------------------------------------------
 1  11,8  17,1   15:50   7,3   04:14   6,5   0,0   0,0   0,5   5,4   15:52     W
 2  13,2  19,2   16:23   8,4   23:53   5,2   0,0   0,0   0,5   5,1   13:19   WSW
 3  11,2  16,2   15:40   7,8   01:33   7,1   0,0   0,0   0,4   4,1   15:27   ENE
 4  12,1  16,5   15:36   8,8   02:03   6,1   0,0   0,0   0,1   3,1   14:26     W
 5  12,9  17,8   14:29   8,1   07:01   5,4   0,0   0,0   0,5   6,1   23:20   ENE
 6  13,9  16,7   13:31  11,9   00:02   4,4   0,0   0,0   2,3  10,5   16:59   ENE
 7  12,2  13,0   00:01  10,7   23:51   6,1   0,0  11,4   1,8   9,5   00:11     E
 8   9,6  10,7   00:01   9,0   22:46   8,7   0,0   9,0   1,0   5,4   10:55     E
 9  10,0  11,9   15:07   8,9   01:51   8,3   0,0   6,6   0,8   6,1   22:07     E
10   9,7  12,7   15:39   8,4   05:51   8,6   0,0   0,0   1,0   6,8   15:27   ENE
11   9,3  11,7   16:21   7,6   08:17   9,0   0,0   2,7   1,1   7,1   18:35    NE
12   8,7  11,5   14:20   6,6   23:53   9,6   0,0   0,0   1,0   6,8   16:59     E
13   7,2   9,5   13:21   3,8   05:10  11,1   0,0   1,5   1,4   7,8   23:38    NE
14   8,5  10,2   13:37   7,3   02:14   9,8   0,0   2,7   2,2   9,2   21:38    NE
15   9,7  12,4   14:13   8,4   04:42   8,6   0,0   8,4   2,2   9,5   14:37    NE
16   9,5   9,8   10:47   9,2   21:48   8,8   0,0   8,4   2,1   6,5   11:45    NE
17  10,0  10,8   14:16   9,2   00:11   8,3   0,0   7,2   1,0   4,8   13:25    NE
18  10,0  10,4   15:41   9,1   23:46   8,3   0,0   6,9   1,1   5,4   05:29    NE
19   9,1  14,1   14:58   5,6   05:16   9,2   0,0   0,0   0,4   3,7   14:32    NE
20   9,4  11,1   14:26   8,3   07:14   8,9   0,0   0,3   0,1   2,0   13:24   WNW
21  10,4  12,1   15:08   9,0   02:56   7,9   0,0   0,0   0,6   5,4   14:22   WSW
22  11,4  13,3   16:10  10,5   02:43   6,9   0,0   0,3   1,3   7,5   12:30   WSW
23  11,9  14,4   13:58   9,1   23:08   6,4   0,0   0,3  ----   7,8   10:35     W
24  11,0  12,7   14:19   8,8   01:07   7,3   0,0   0,0  ----   5,1   11:13   WSW
25  10,2  14,2   13:51   5,3   22:58   8,1   0,0   0,0  ----   5,8   14:11     W
26   7,6  12,5   14:47   3,1   07:23  10,7   0,0   0,0  ----   3,4   11:47   ESE
27   8,7  12,8   14:08   4,6   06:34   9,5   0,0   0,3  ----   6,5   14:42   ENE
28  10,0  13,5   14:29   7,8   23:56   8,3   0,0   0,0  ----   9,2   14:47     E
29   8,7  12,2   13:48   6,6   18:34   9,6   0,0   0,0  ----   4,1   12:38     E
30   8,3  11,9   14:12   4,3   04:15  10,0   0,0   1,2  ----   4,4   11:28   ESE
31   9,4  12,8   13:22   6,8   04:59   8,9   0,0   0,6  ----   5,4   11:26   ESE
----------------------------------------------------------------------------------
    10,2  19,2     2     3,1    26   251,6   0,0  67,8   1,0  25,8    25     ENE

Max >=  27,0:  0
Max <=   0,0:  0
Min <=   0,0:  0
Min <= -18,0:  0
Max Rain: 11,4 on day 7
Days of Rain: 16 (>= 0,2 mm)  9 (>= 2,0 mm)  0 (>= 20,0 mm)
Heat Base: 18,3  Cool Base: 18,3  Method: Integration