NOAA-Style Climate Reports


Report for 2015 September
                   Monthly Climatological Summary for sep 2015

Name: Vejret Syrenvej 35   City: Svendborg   State: 
Elevation: 32 m  Lat: S 00° 00' 00"   Lon: W 000° 00' 00"

                  Temperature (°C), Rain (mm), Wind Speed (m/s)

                                      Heat  Cool        Avg
    Mean                              Deg   Deg         Wind                 Dom
Day Temp  High   Time   Low    Time   Days  Days  Rain  Speed High   Time    Dir
----------------------------------------------------------------------------------
 1   9,2  21,3   11:00  15,3   00:00   9,1   0,0   0,3   2,8   8,5   10:10   SSW
 2  17,9  21,3   10:54  14,3   00:00  15,0   0,4   1,2   1,3   8,2   10:09   SSE
 3  16,0  20,9   16:24  12,0   13:22   2,5   0,5   0,0   1,1   5,4   13:22   ENE
 4  15,2  19,7   10:56  12,0   05:54   3,0   0,1   1,5   1,1   5,4   11:40   ENE
 5  14,0  17,4   17:28  11,6   23:54   4,2   0,0   3,9   1,6   8,5   15:26   SSE
 6  14,6  18,7   16:25  11,6   00:24   3,7   0,0   0,6   1,1   4,1   05:54     S
 7  14,7  20,0   17:54   9,9   04:24   3,9   0,3   0,0   0,4   4,1   12:50   SSW
 8  13,9  21,4   14:50   9,4   04:55   4,1   0,3   0,0   0,3   5,1   18:10   SSW
 9  15,5  22,8   17:54   7,9   06:54   4,1   1,2   0,0   0,4   4,4   13:12   NNW
10  15,2  20,4   14:55   9,5   03:24   3,5   0,3   0,0   0,8   5,1   13:53    NW
11  15,2  17,7   09:54  13,5   01:54   3,0   0,0   3,0   1,4   6,8   21:43   NNW
12  16,0  20,0   17:40  13,4   07:55   2,3   0,1   5,1   1,4   6,8   18:17     N
13  16,2  17,9   15:24  14,8   09:25   2,2   0,0  12,3   1,4   6,8   08:12     N
14  17,5  21,6   13:55  15,6   22:55   1,5   0,6   8,7   1,2   5,1   14:25     N
15  14,4  17,7   14:55  11,6   19:56   3,9   0,0   8,1   1,3   6,8   09:26   ENE
16  15,1  18,0   10:26  12,9   07:26   3,0   0,0   3,0   1,4   7,8   15:44   NNE
17  16,9  18,9   13:56  14,6   20:55   1,4   0,1   5,1   1,8   7,5   13:26   ENE
18  15,4  18,9   16:26  12,2   22:26   3,0   0,0   1,8   1,2   7,5   11:26   ESE
19  15,1  20,3   14:56  12,4   22:26   3,3   0,1   0,9   0,3   3,4   14:26   SSE
20  14,3  18,1   16:25  11,6   23:56   4,2   0,0   0,0   0,7   4,4   06:26     S
21  12,5  16,1   09:55   8,9   05:56   4,5   0,0   2,7   0,5   4,4   22:53   ESE
22  13,8  15,6   14:55  13,1   05:55   3,6   0,0   1,5   0,7   6,8   15:41   NNE
23  14,5  19,4   15:25  10,7   23:56   4,0   0,1   0,0   0,5   3,7   16:26   NNE
24  14,4  17,9   15:57   0,0   09:21   3,9   0,0   0,6   1,2   6,0   09:21   ENE
25  14,0  18,5   15:57  11,1   23:56   4,4   0,0   0,9   0,6   4,1   08:58   ESE
26  12,4  17,5   14:56   8,3   07:26   5,9   0,0   0,3   0,2   2,4   12:09     S
27  13,3  20,7   17:26   8,6   06:56   5,3   0,2   0,0   0,1   1,7   09:36   SSE
28  13,2  21,0   17:27   7,1   07:56   5,5   0,4   0,0   0,1   2,4   12:27     N
29  12,6  20,4   17:27   6,4   06:56   6,0   0,3   0,0   0,2   3,1   11:53   NNW
30  12,1  20,0   17:27   5,7   06:57   6,4   0,1   0,0   0,1   3,7   16:14   SSE
----------------------------------------------------------------------------------
    14,5  22,8     9     0,0    24   130,4   5,1  61,5   0,9   8,5     1       E

Max >=  27,0:  0
Max <=   0,0:  0
Min <=   0,0:  1
Min <= -18,0:  0
Max Rain: 12,3 on day 13
Days of Rain: 19 (>= 0,2 mm)  9 (>= 2,0 mm)  0 (>= 20,0 mm)
Heat Base: 18,3  Cool Base: 18,3  Method: Integration