NOAA-Style Climate Reports


Report for 2015 August
                   Monthly Climatological Summary for aug 2015

Name: Vejret i Vindeby   City: Svendborg   State: 
Elevation: 32 m  Lat: N 55° 02' 32"   Lon: E 010° 37' 02"

                  Temperature (°C), Rain (mm), Wind Speed (m/s)

                                      Heat  Cool        Avg
    Mean                              Deg   Deg         Wind                 Dom
Day Temp  High   Time   Low    Time   Days  Days  Rain  Speed High   Time    Dir
----------------------------------------------------------------------------------
 1  15,7  27,7   16:46   7,2   05:09   4,1   1,5   0,0   0,3   3,4   14:46     W
 2  18,2  25,0   15:56  11,4   02:46   2,0   1,8   0,0   0,3   3,7   13:51   WSW
 3  19,8  32,8   16:35  12,1   04:41   0,0   1,5   0,0   0,7   5,1   17:55     E
 4  22,7  32,8   14:27  18,3   05:37   0,0   4,3  12,9   0,6   4,4   11:21   ENE
 5  20,0  28,0   16:47  14,2   06:02   0,9   2,6   0,0   0,5   4,4   08:57   WSW
 6  23,4  35,6   16:43  15,2   05:56   0,7   5,8   0,0   0,7   4,8   19:39     E
 7  21,3  31,0   16:10  17,1   05:40   0,1   3,1   0,3   0,4   5,1   10:43     W
 8  19,5  28,8   19:45  15,0   23:50   0,7   1,8   0,3   0,3   3,1   11:25   ENE
 9  20,5  35,9   19:27  10,1   05:55   2,2   4,4   0,0   0,3   4,1   13:08     E
10  20,6  30,8   13:58  14,3   03:50   0,9   3,2   1,5   0,4   4,8   12:46   ENE
11  19,8  26,1   17:36  15,0   03:19   0,9   2,4   7,2   0,4   4,8   06:28    NE
12  19,6  26,1   18:16  14,5   23:54   0,6   1,9   0,0   0,5   3,4   00:23   ENE
13  18,5  26,8   18:19  11,5   06:24   2,0   2,3   0,0   0,9   7,8   22:36   ENE
14  20,6  26,2   14:13  17,8   06:23   0,0   2,4   0,0   2,4  10,5   08:18   ENE
15  19,7  23,2   16:48  17,7   07:18   0,0   1,5  18,9   1,1   6,8   07:03   ENE
16  20,0  25,5   12:48  15,2   05:58   0,6   2,3   0,0   1,0   6,5   23:48   ENE
17  20,2  24,3   15:27  17,4   23:59   0,1   2,0   0,0   2,7  11,9   22:49   ENE
18  19,8  25,0   15:09  17,1   04:34   0,3   1,8   0,0   2,7  10,2   12:44   ENE
19  20,2  26,6   13:59  16,0   05:49   0,6   2,5   0,0   1,7   7,5   16:49   ENE
20  20,2  27,4   14:24  15,1   05:59   0,9   2,8   0,0   0,7   4,4   13:54   ENE
21  20,2  28,5   18:34  14,0   06:29   1,2   3,1   0,0   0,5   3,7   09:09   ENE
22  19,8  26,7   14:04  14,4   03:49   1,1   2,6   0,0   1,0   5,8   16:11   ENE
23  20,1  25,5   14:42  15,7   04:10   0,6   2,4   0,0   1,8   9,2   16:30   ENE
24  19,4  24,2   13:42  16,8   07:00   0,3   1,4   3,3   1,4   8,8   10:46   ENE
25  18,3  21,2   15:41  16,1   23:59   0,5   0,4   1,2   1,3   8,2   12:24   WSW
26  18,6  22,3   16:59  15,1   07:14   1,1   1,4   0,9   1,0   7,1   10:20   WSW
27  18,2  20,6   00:10  15,5   22:07   0,7   0,6   9,6   1,1   8,8   12:45   WSW
28  17,4  21,8   15:09  14,2   06:58   1,5   0,6   0,6   0,9   6,8   13:50   WSW
29  17,9  22,1   14:39  14,2   06:26   1,4   1,0   0,0   0,7   5,8   11:22   WSW
30  18,1  21,9   14:47  15,9   06:57   0,9   0,7   0,9   0,6   4,1   16:19    NE
31  17,8  20,2   17:19  16,7   00:12   0,8   0,2  14,7   1,3   4,8   13:18    NE
----------------------------------------------------------------------------------
    19,6  35,9     9     7,2     1    27,7  66,3  72,3   1,0  11,9    31     ENE

Max >=  27,0: 11
Max <=   0,0:  0
Min <=   0,0:  0
Min <= -18,0:  0
Max Rain: 18,9 on day 15
Days of Rain: 13 (>= 0,2 mm)  6 (>= 2,0 mm)  0 (>= 20,0 mm)
Heat Base: 18,3  Cool Base: 18,3  Method: Integration