NOAA-Style Climate Reports


Report for 2015 Juli
                   Monthly Climatological Summary for jul 2015

Name: Vejret i Vindeby   City: Svendborg   State: 
Elevation: 32 m  Lat: N 55° 02' 32"   Lon: E 010° 37' 02"

                  Temperature (°C), Rain (mm), Wind Speed (m/s)

                                      Heat  Cool        Avg
    Mean                              Deg   Deg         Wind                 Dom
Day Temp  High   Time   Low    Time   Days  Days  Rain  Speed High   Time    Dir
----------------------------------------------------------------------------------
 1  20,2  25,6   13:57  12,6   04:42   1,3   3,3   0,0   0,8   4,4   20:37   ENE
 2  22,3  28,2   12:44  17,1   04:37   0,2   4,2   0,0   1,4   9,2   17:45   ENE
 3  23,0  28,5   15:21  17,7   04:27   0,0   4,7   0,0   0,4   4,4   10:52     E
 4  24,6  30,5   14:18  17,7   04:49   0,0   6,3   0,0   0,8   4,4   12:14    NE
 5  24,5  31,1   14:18  19,4   05:23   0,0   6,2  11,7   0,3   4,8   23:23   ENE
 6  18,6  20,7   16:33  16,2   23:58   0,4   0,7   0,6   1,0   7,1   14:58   WSW
 7  19,2  23,9   14:13  15,2   03:23   0,8   1,7   2,1   0,6   4,4   01:33   WSW
 8  17,4  20,2   15:34  13,4   23:42   1,2   0,3   1,5   1,7  12,9   15:26   WSW
 9  13,5  15,6   17:24  11,6   04:52   4,8   0,0   0,9   1,1  10,2   12:55    SW
10  14,0  17,5   17:07  11,4   04:34   4,3   0,0   0,0   0,8   7,8   09:18   WSW
11  15,2  19,9   19:22  10,0   04:52   3,2   0,1   0,0   0,3   9,2   23:48    NW
12  16,8  21,8   14:38  12,6   05:11   2,0   0,5   0,3   0,3   6,1   14:59   WSW
13  17,6  24,3   15:44  13,1   10:44   1,4   0,8   0,0   0,6   6,4   10:26   WSW
14  18,2  27,3   16:30  11,6   05:32   1,9   1,8   0,0   0,5   5,1   16:33     W
15  17,1  24,1   16:14  12,2   05:26   2,2   1,0   0,0   0,8   6,5   15:58     W
16  18,5  25,1   19:21  13,2   03:42   1,6   1,9   0,3   0,6   7,6   09:35   WSW
17  19,2  28,6   16:07  11,4   05:11   1,7   2,6   0,3   1,0   7,1   14:27   ENE
18  19,7  24,9   16:20  15,3   23:42   0,0   1,4   0,3   1,1   7,8   15:25     W
19  15,7  19,5   12:31  12,5   21:35   2,6   0,0   5,7   0,5   4,4   21:25   WSW
20  16,8  23,8   17:20  12,3   00:10   1,5   0,0   0,3   0,8   6,5   13:15     W
21  19,5  26,0   16:40  15,1   00:02   0,8   2,0   2,4   1,0   7,1   09:39     W
22  20,5  29,5   15:23  15,1   05:07   0,8   3,0   0,0   0,7   5,1   09:37     W
23  17,5  24,6   16:20  14,0   06:12   0,8   0,0   0,0   0,9   6,5   13:00     W
24  18,4  29,1   17:13  11,8   03:43   1,8   2,0   0,0   0,5   3,4   13:13   WNW
25  17,6  28,8   16:08  14,5   05:18   1,4   0,7  48,3   1,2  10,9   05:48   ENE
26  15,9  21,2   19:07  12,8   04:57   2,6   0,2   4,8   1,4   7,8   16:29     W
27  15,8  18,0   16:43  14,0   02:28   2,5   0,0   2,7   0,7   5,4   08:33    SE
28  17,5  21,5   19:10  15,1   05:50   0,8   0,0   1,2   1,4   7,5   15:50     W
29  15,4  20,1   16:31  12,3   12:36   2,9   0,0   8,4   1,3   6,1   00:16     W
30  14,3  19,8   11:46  11,3   02:21   4,0   0,0   8,1   1,1   7,5   23:11     W
31  14,3  19,3   19:01  10,6   23:56   4,0   0,0   0,0   1,1   6,8   12:46     W
----------------------------------------------------------------------------------
    18,0  31,1     5    10,0    11    53,5  45,4  99,9   0,9  12,9     8       W

Max >=  27,0:  9
Max <=   0,0:  0
Min <=   0,0:  0
Min <= -18,0:  0
Max Rain: 48,3 on day 25
Days of Rain: 18 (>= 0,2 mm)  9 (>= 2,0 mm)  1 (>= 20,0 mm)
Heat Base: 18,3  Cool Base: 18,3  Method: Integration