NOAA-Style Climate Reports


Report for 2015 Juni
                   Monthly Climatological Summary for jun 2015

Name: Vejret i Vindeby   City: Svendborg   State: 
Elevation: 32 m  Lat: N 55° 02' 32"   Lon: E 010° 37' 02"

                  Temperature (°C), Rain (mm), Wind Speed (m/s)

                                      Heat  Cool        Avg
    Mean                              Deg   Deg         Wind                 Dom
Day Temp  High   Time   Low    Time   Days  Days  Rain  Speed High   Time    Dir
----------------------------------------------------------------------------------
 1  13,1  17,0   19:45   9,9   03:58   5,2   0,0   4,5   1,0   7,5   04:55    NW
 2  12,6  14,7   23:50  10,7   06:51   5,7   0,0   5,4   1,6  10,2   16:55   WNW
 3  14,1  16,6   14:57  10,7   23:24   4,2   0,0   0,3   1,3   7,8   12:44    NW
 4  13,8  20,1   19:47   8,6   04:27   4,5   0,1   0,0   0,5   4,4   11:47    NW
 5  16,5  24,2   15:26   8,6   03:52   3,1   1,3   0,0   0,8   4,8   09:37   SSE
 6  17,0  20,2   08:31  12,3   23:56   1,7   0,4   0,0   0,9   7,5   11:40   WNW
 7  14,2  17,7   13:51  11,0   23:46   4,1   0,0   0,0   1,0   5,8   11:36   WNW
 8  12,7  16,5   11:57   9,3   04:36   5,6   0,0   0,0   0,4   5,8   14:31    NW
 9  15,7  22,7   13:50   8,8   03:21   3,6   1,0   0,0   0,6   4,8   17:18    SE
10  15,8  21,0   17:17   9,3   05:16   3,0   0,5   0,0   0,5   5,8   14:33    NW
11  14,2  20,4   17:12   9,9   04:36   4,3   0,2   0,0   0,5   3,1   14:32     W
12  18,3  25,0   19:22  10,5   05:22   2,3   2,3   0,0   0,2   5,1   15:11     S
13  19,1  24,2   14:03  13,4   04:23   0,0   0,8   3,6   0,5   8,2   15:47   WSW
14  14,1  17,4   20:09   9,0   21:01   4,2   0,0   0,0   0,6   9,8   18:30    NW
15  11,7  15,2   17:34   7,5   04:27   6,6   0,0   0,0   0,4   7,7   07:55    NW
16  11,4  17,4   17:12   7,3   08:18   6,9   0,0   0,0   0,7   7,7   18:45   NNE
17  12,2  16,2   23:40   6,9   05:13   6,0   0,0   6,3   1,0   7,1   20:16    NW
18  13,2  16,0   15:14   7,5   18:34   5,2   0,0   1,5   0,6   6,8   15:51   NNW
19  12,9  15,2   13:08  11,6   23:47   5,4   0,0   0,6   0,5   5,8   11:23     N
20  14,5  19,6   15:22  10,5   05:52   3,9   0,0   3,9   0,4   4,4   16:52    NW
21  13,9  19,0   19:50  10,4   02:36   4,5   0,0   0,0   0,4   4,1   10:36   WNW
22  14,1  17,0   17:58  11,6   06:09   4,2   0,0   3,3   0,6   7,1   12:15   WNW
23  15,5  20,1   19:07  10,9   05:21   3,0   0,2   0,0   0,5   5,8   18:11    NW
24  12,9  14,7   16:07  11,5   08:45   5,4   0,0   0,0   0,8   6,8   12:29   WNW
25  14,0  18,4   19:37  10,7   02:36   4,3   0,0   0,0   0,5   5,4   12:14    NW
26  15,8  20,5   16:17  11,8   04:12   2,7   0,2   0,0   0,3   3,7   13:42    NW
27  17,4  20,5   14:20  14,3   23:48   1,4   0,5   0,3   0,2   7,6   08:53     W
28  16,3  21,3   17:32  12,2   05:07   3,8   0,4   2,4   0,6   8,2   18:56    NW
29  18,0  22,1   15:21  14,9   04:02   1,3   1,1   2,2   0,5   6,1   17:49   WNW
30  17,4  28,2   08:09  13,3   05:22   1,6   0,7   0,0   0,5   5,4   11:21   WSW
----------------------------------------------------------------------------------
    14,7  28,2    30     6,9    17   117,7   9,7  34,3   0,6  10,2     2     WNW

Max >=  27,0:  1
Max <=   0,0:  0
Min <=   0,0:  0
Min <= -18,0:  0
Max Rain: 6,3 on day 17
Days of Rain: 12 (>= 0,2 mm)  8 (>= 2,0 mm)  0 (>= 20,0 mm)
Heat Base: 18,3  Cool Base: 18,3  Method: Integration