NOAA-Style Climate Reports


Report for 2015 Maj
                   Monthly Climatological Summary for maj 2015

Name: Vejret i Vindeby   City: Svendborg   State: 
Elevation: 32 m  Lat: N 55° 02' 32"   Lon: E 010° 37' 02"

                  Temperature (°C), Rain (mm), Wind Speed (m/s)

                                      Heat  Cool        Avg
    Mean                              Deg   Deg         Wind                 Dom
Day Temp  High   Time   Low    Time   Days  Days  Rain  Speed High   Time    Dir
----------------------------------------------------------------------------------
 1   7,8  14,5   19:32   3,9   02:49  10,5   0,0   4,2   0,1   2,4   11:07   WNW
 2   8,6  17,6   17:51   3,6   05:28   9,7   0,0   1,2   0,5   6,1   14:40    NW
 3  10,2  18,4   15:32   1,4   05:36   8,1   0,0   8,1   1,1   7,8   18:50   SSE
 4  13,0  18,5   19:26   9,4   00:02   5,3   0,0   7,5   1,0   6,1   11:07   WNW
 5  13,9  21,9   16:13   9,3   14:15   4,6   0,2   9,9   1,1   9,2   17:13    SW
 6  12,9  20,3   17:09   9,5   05:36   5,4   0,0   2,7   1,2   9,9   19:23   WNW
 7  11,5  19,4   17:07   9,1   23:58   6,8   0,0   1,8   1,6   4,3   17:07   WNW
 8  11,9  18,0   17:36   6,6   05:07   6,9   0,0   0,0   0,3   4,1   00:32   NNE
 9  12,5  12,9   14:13   6,1   00:03  12,7   0,0   2,1   0,7   5,4   12:33   SSE
10  14,3  19,5   17:07   7,0   00:03   9,0   0,0   0,6   0,3   5,1   17:10    NW
11  14,1  21,5   19:40   6,3   04:15   4,7   0,5   0,0   0,9   5,4   13:10     S
12  12,9  17,6   16:27   7,0   13:34   5,4   0,0   1,8   0,7   8,5   09:08    NW
13  11,0  24,5   09:24   9,4   23:20   7,3   0,0   0,0   1,3   8,5   09:16    NW
14  11,6  17,0   16:31   8,9   04:20   6,7   0,0   0,0   0,7   6,1   17:50    NW
15  12,1  19,4   17:07   7,2   03:16   6,2   0,0   0,0   0,5   5,4   12:20    NW
16   9,6  13,1   19:26   7,6   05:45   8,7   0,0   0,6   0,9   6,1   11:42    NW
17  10,4  15,0   17:07   7,2   07:15   7,9   0,0   0,9   1,2   8,2   13:43    NW
18  10,6  13,2   12:22   9,0   00:00   7,7   0,0  10,2   0,8   5,4   12:11     W
19  11,3  15,8   15:40   8,8   23:54   7,0   0,0   1,8   1,4   6,8   14:44   WNW
20  11,5  17,7   19:33   8,0   05:11   6,7   0,0   0,3   0,9   5,1   17:48   WNW
21  11,2  16,6   19:41   8,0   14:39   7,1   0,0   0,0   0,6   8,2   14:48    NW
22  13,5  20,5   17:17   9,0   13:52   4,9   0,2   4,8   0,8   8,7   18:13    NW
23  13,9  17,0   15:23  10,6   08:08   5,1   0,0   0,6   0,4   3,1   00:18    NW
24  14,3  18,5   19:39  10,9   23:49   5,3   0,0   0,0   0,5   5,4   14:16    NW
25  11,7  16,1   15:45   5,3   20:13   6,6   0,0   2,4   0,3   5,1   20:13   WNW
26  11,9  14,5   13:39   9,3   23:58   6,4   0,0   0,0   0,5   6,1   11:57    NW
27  11,7  16,0   16:55   8,7   00:34   6,6   0,0   0,0   0,5   5,8   14:39    NW
28  12,6  13,2   18:17   9,5   00:04   5,7   0,0   0,0   1,0   7,5   10:49    NW
29  11,9  15,9   16:12   8,4   05:16   6,4   0,0   2,4   0,8   5,4   08:46   WNW
30  11,5  14,9   15:14   8,9   06:00   6,8   0,0   0,9   1,3   8,2   13:43    NW
31  12,2  15,5   14:50   9,1   05:35   6,1   0,0   3,9   1,3   7,1   11:55    NW
----------------------------------------------------------------------------------
    11,9  24,5    13     0,0     9   214,3   0,9  68,7   0,8  18,5    12     WNW

Max >=  27,0:  0
Max <=   0,0:  0
Min <=   0,0:  2
Min <= -18,0:  0
Max Rain: 10,2 on day 18
Days of Rain: 21 (>= 0,2 mm)  11 (>= 2,0 mm)  0 (>= 20,0 mm)
Heat Base: 18,3  Cool Base: 18,3  Method: Integration