NOAA-Style Climate Reports


Report for 2015 April
                   Monthly Climatological Summary for apr 2015

Name: Vejret i Vindeby   City: Svendborg   State: 
Elevation: 32 m  Lat: N 55° 02' 32"   Lon: E 010° 37' 02"

                  Temperature (°C), Rain (mm), Wind Speed (m/s)

                                      Heat  Cool        Avg
    Mean                              Deg   Deg         Wind                 Dom
Day Temp  High   Time   Low    Time   Days  Days  Rain  Speed High   Time    Dir
----------------------------------------------------------------------------------
 1   4,3   8,2   14:50   2,2   00:42  14,0   0,0   0,9   1,8  10,2   14:53    NW
 2   4,9  10,9   18:46   0,8   06:33  13,4   0,0   0,0   1,2   5,8   10:47    NW
 3   5,6  11,4   15:30   1,8   06:36  12,7   0,0   0,0   0,8   5,1   09:48    NW
 4   6,2  13,3   12:59  -0,2   06:43  12,1   0,0   0,0   0,7   5,4   14:40    SE
 5   5,9  11,6   14:40   0,8   06:50  12,4   0,0   0,0   0,7   6,1   13:33    NW
 6   7,7  16,3   18:54   1,5   06:14  10,6   0,0   0,0   0,5   3,7   11:19   SSE
 7   6,2  10,3   15:33   3,4   03:09  12,1   0,0   0,0   1,2   6,5   17:27   NNW
 8  10,2  16,9   15:15   5,0   23:49   8,1   0,0   0,0   0,7   5,1   10:52   WNW
 9   7,8  15,8   18:36   2,8   04:13  10,5   0,0   0,0   0,5   5,4   13:52    NW
10   9,9  19,6   17:23   1,6   06:29   8,4   0,0   0,0   0,2   3,1   16:57   NNW
11  11,2  20,1   13:52   6,0   06:20   7,2   0,0   1,5   0,9  10,2   22:24   WNW
12   8,6  13,2   13:56   6,5   22:19   9,7   0,0   3,9   1,5   8,2   14:40    NW
13   7,2  12,5   15:26   4,3   23:53  11,1   0,0   2,1   1,8   8,5   00:16    NW
14   7,0  10,4   20:44   4,0   01:18  11,3   0,0   2,1   1,2   6,8   15:19    NW
15  10,4  19,7   17:41   7,2   23:58   7,9   0,0   0,3   1,5   8,8   15:11    NW
16   8,2  13,8   15:22   5,6   22:23  10,1   0,0   0,0   1,3   7,1   12:45    NW
17  10,1  15,8   15:59   4,9   00:03  10,8   0,0   0,6   1,2   8,2   13:18    SE
18  10,0  17,8   14:23   3,9   05:13   8,3   0,0   0,0   0,6   4,1   18:33   SSW
19  10,6  19,4   17:48   3,5   06:28   7,7   0,0   0,0   0,3   3,1   10:38   SSE
20  13,7  22,4   14:23   3,0   13:11   5,4   0,7   0,0   0,6  12,6   13:11    SE
21  14,9  21,7   15:27   7,6   23:47   5,5   0,2   0,0   0,6   5,4   16:11    NW
22  11,0  16,8   12:07   5,2   05:42   7,4   0,0   0,0   0,5   4,4   14:58    NW
23  10,7  13,6   14:20   6,6   05:59   8,7   0,0   0,0   0,8   6,1   16:50   NNW
24  10,5  17,7   17:54   7,3   02:55   7,8   0,0   0,0   0,8   5,1   13:48    NW
25  11,4  13,7   13:24   9,4   03:24   6,9   0,0   3,3   0,8   4,8   09:39    NW
26   8,5  10,4   00:04   5,4   22:49   9,8   0,0   2,1   0,5   4,1   05:09   SSE
27   8,2  15,3   16:52   5,3   15:15  10,1   0,0   0,0   0,5   5,8   15:10    NW
28   7,8  15,1   16:30   1,5   05:30  10,5   0,0   1,2   0,6   8,7   16:36    NW
29  10,1  15,5   15:56   6,3   09:24   8,2   0,0   0,0   1,1   6,5   14:52   WNW
30   9,7  14,3   15:07   6,6   23:49   8,6   0,0   1,2   0,6   5,1   14:28    NW
----------------------------------------------------------------------------------
     9,0  22,4    20    -0,2     4   287,3   0,9  19,2   0,9  12,6    20      NW

Max >=  27,0:  0
Max <=   0,0:  0
Min <=   0,0:  1
Min <= -18,0:  0
Max Rain: 3,9 on day 12
Days of Rain: 11 (>= 0,2 mm)  5 (>= 2,0 mm)  0 (>= 20,0 mm)
Heat Base: 18,3  Cool Base: 18,3  Method: Integration