NOAA-Style Climate Reports


Report for 2015 Marts
                   Monthly Climatological Summary for mar 2015

Name: Vejret i Vindeby   City: Svendborg   State: 
Elevation: 32 m  Lat: N 55° 02' 32"   Lon: E 010° 37' 02"

                  Temperature (°C), Rain (mm), Wind Speed (m/s)

                                      Heat  Cool        Avg
    Mean                              Deg   Deg         Wind                 Dom
Day Temp  High   Time   Low    Time   Days  Days  Rain  Speed High   Time    Dir
----------------------------------------------------------------------------------
 1   4,3   8,4   14:57   2,2   07:15  14,0   0,0   2,4   1,8   8,8   08:50   WNW
 2   3,8   7,0   16:11   1,1   15:55  14,5   0,0   3,9   1,7   8,8   13:54    NW
 3   2,7   7,1   13:08   0,5   21:15  15,7   0,0   2,1   0,9   8,2   14:34    NW
 4   3,2   7,7   14:59   1,1   02:27  15,1   0,0   3,0   1,1   7,1   13:38    NW
 5   4,5   9,5   15:39   1,0   01:35  13,8   0,0   0,3   0,8   5,4   10:47    NW
 6   5,7   7,3   13:07   0,3   11:25  12,6   0,0   0,0   1,1   9,5   11:25    NW
 7   7,0  10,0   14:53   5,0   05:16  11,2   0,0   0,0   1,8   8,5   15:32    NW
 8   8,2  13,8   14:46  -3,1   14:29  10,1   0,0   0,0   1,4  11,8   21:28    NW
 9   7,5  13,0   15:15   5,4   21:28  10,8   0,0   0,0   0,8  10,8   12:20    NW
10   7,2  11,7   15:22   4,1   23:52  11,1   0,0   1,2   1,2   8,5   14:02    NW
11   6,7  14,4   15:21   2,3   23:52  11,6   0,0   0,0   0,9   6,5   11:56   SSW
12   5,2  13,3   15:24   1,1   15:44  13,1   0,0   0,0   0,4   4,1   17:36   SSE
13   4,2  10,1   14:58   0,5   02:46  14,1   0,0   0,0   1,2   7,5   10:41    SE
14   4,5   8,5   14:13   2,3   16:58  13,8   0,0   0,0   1,6   6,5   14:45    SE
15   5,2   7,0   14:57   3,8   19:30  13,2   0,0   0,6   1,8   7,1   16:24    SE
16   6,8  12,1   13:36   4,8   06:42  11,6   0,0   0,0   2,0   8,5   10:38   SSE
17   7,9  12,6   12:56   5,0   06:53  10,4   0,0   0,0   1,1   5,4   12:07   SSE
18   7,9  13,1   12:50   4,3   23:50  10,4   0,0   0,0   0,9   5,4   12:59   SSE
19   7,6  18,8   14:59   2,4   23:20  10,7   0,0   0,0   0,3   3,1   10:44   SSE
20   4,7   8,9   15:15   0,1   07:08  13,6   0,0   0,0   0,6   5,4   13:21    NW
21   2,5   2,5   00:00   1,4   23:59  15,9   0,0   5,7   0,9   5,4   23:34    NE
22   2,5   8,2   14:48  -1,0   05:39  15,8   0,0   0,0   0,7   4,8   01:29    SW
23   5,0  10,8   14:53   2,1   05:44  13,3   0,0   0,0   1,5   6,8   09:06    NW
24   6,0  10,7   14:40   4,2   23:56  12,3   0,0   0,0   0,6   3,7   02:48    NW
25   5,4   8,6   14:25   1,1   05:51  13,0   0,0   0,0   1,5   9,2   20:42   SSE
26   6,3  11,9   14:53   4,5   09:32  12,0   0,0   0,6   0,7   6,8   01:09    NW
27   5,7   7,5   16:10   3,6   21:48  12,6   0,0   0,0   0,2   2,4   10:48    SW
28   6,4  10,0   13:49   2,2   01:56  11,9   0,0   0,9   0,9   5,4   11:54    NW
29   7,7  10,1   17:05   6,1   23:59  10,6   0,0  10,2   1,3   7,1   13:49    NW
30   6,2  10,3   15:31   4,2   22:19  12,1   0,0   1,8   1,9   8,5   18:21    NW
31   3,6  14,5   08:34   0,8   07:54  14,7   0,0  10,5   1,2   6,5   19:18   WNW
----------------------------------------------------------------------------------
     5,6  18,8    19    -3,1     8   395,6   0,0  43,2   1,1  11,8     8     WNW

Max >=  27,0:  0
Max <=   0,0:  0
Min <=   0,0:  2
Min <= -18,0:  0
Max Rain: 10,5 on day 31
Days of Rain: 13 (>= 0,2 mm)  7 (>= 2,0 mm)  0 (>= 20,0 mm)
Heat Base: 18,3  Cool Base: 18,3  Method: Integration