NOAA-Style Climate Reports


Report for 2015 Februar
                   Monthly Climatological Summary for feb 2015

Name: Vejret i Vindeby   City: Svendborg   State: 
Elevation: 32 m  Lat: N 55° 02' 32"   Lon: E 010° 37' 02"

                  Temperature (°C), Rain (mm), Wind Speed (m/s)

                                      Heat  Cool        Avg
    Mean                              Deg   Deg         Wind                 Dom
Day Temp  High   Time   Low    Time   Days  Days  Rain  Speed High   Time    Dir
----------------------------------------------------------------------------------
 1   0,4   2,3   12:22  -0,4   21:59  17,9   0,0   0,3   0,7   5,8   12:50    NW
 2  -0,7   0,4   18:38  -3,1   08:15  19,1   0,0   0,0   0,4   3,4   13:07     N
 3  -1,1   0,2   12:07  -2,1   06:56  19,5   0,0   0,3   0,6   4,4   02:16     N
 4  -1,1   0,0   12:07  -2,1   04:11  19,5   0,0   0,0   0,6   3,7   19:56   WNW
 5  -0,3   5,0   12:56  -4,0   23:55  18,6   0,0   0,3   0,4   3,4   14:45    SE
 6  -0,6   3,1   14:26  -5,2   07:15  19,6   0,0   0,0   0,4   4,1   14:30    NW
 7   4,3   6,8   15:10   1,9   00:11  14,1   0,0   0,0   1,8   8,8   14:48    NW
 8   3,0   7,3   12:55   0,1   08:10  15,3   0,0   0,0   1,4   5,4   01:35    NW
 9   6,5   9,9   12:46  -1,5   12:15  12,0   0,0   0,0   1,3  10,8   12:15    NW
10   6,0  11,6   12:57  -7,6   11:53  12,3   0,0   0,0   0,7   3,1   01:56    NW
11   3,4   4,6   12:14  -4,3   11:37  14,9   0,0   0,0   0,4   4,6   11:37   NNW
12   2,2   5,1   06:14  -2,7   12:48  16,2   0,0   0,0   0,3   2,7   19:21    NW
13   1,0   2,6   13:53   0,4   04:49  17,3   0,0   0,0   0,6   4,8   19:30    SW
14   2,1   6,5   15:07   0,3   05:24  16,2   0,0   0,0   1,4   7,1   18:24   SSE
15   3,0   3,9   14:58   2,4   23:46  15,3   0,0   0,0   2,6  11,2   20:08   SSE
16   1,5   2,5   00:01   0,7   22:51  16,8   0,0   0,0   1,7   7,5   01:51     S
17   1,3   2,5   14:39   0,4   01:56  17,1   0,0   0,0   0,6   4,8   00:18   WNW
18   4,5   8,3   14:10   2,1   00:00  13,9   0,0   2,4   1,9   9,9   21:08   WNW
19   3,3   5,3   14:14  -2,6   07:23  15,0   0,0   0,0   1,7   8,2   12:53   WNW
20   2,8   4,3   16:53   0,6   08:51  15,5   0,0   1,8   1,6   8,2   14:23   WNW
21   3,1   5,1   12:25   0,0   09:08  15,2   0,0   7,5   0,5   7,2   09:26    NW
22   3,0   6,6   13:18   1,2   06:19  15,2   0,0   0,3   1,5   7,5   15:39    NW
23   3,3   7,1   15:18   0,9   06:53  15,0   0,0   1,5   1,8   8,5   04:13   WNW
24   4,1   5,1   12:46   2,7   06:30  14,2   0,0   0,9   1,8   9,2   11:41   WNW
25   4,0   8,1   14:42   2,1   20:52  14,3   0,0   0,0   1,1   5,4   00:52    NW
26   4,6   7,5   12:49   2,0   00:17  13,7   0,0   0,0   0,9   5,8   19:58     S
27   3,5   4,8   00:03   1,6   21:50  14,8   0,0   4,5   0,4   5,1   00:13   SSW
28   3,0   7,6   15:45  -1,0   06:39  15,4   0,0   0,0   1,0   7,1   14:20   WNW
----------------------------------------------------------------------------------
     2,5  11,6    10    -7,6    10   443,9   0,0  19,8   1,1  11,2    15     WNW

Max >=  27,0:  0
Max <=   0,0:  1
Min <=   0,0: 13
Min <= -18,0:  0
Max Rain: 7,5 on day 21
Days of Rain: 10 (>= 0,2 mm)  3 (>= 2,0 mm)  0 (>= 20,0 mm)
Heat Base: 18,3  Cool Base: 18,3  Method: Integration