NOAA-Style Climate Reports


Report for 2015 Januar
                   Monthly Climatological Summary for jan 2015

Name: Vejret i Vindeby   City: Svendborg   State: 
Elevation: 32 m  Lat: N 55° 02' 32"   Lon: E 010° 37' 02"

                  Temperature (°C), Rain (mm), Wind Speed (m/s)

                                      Heat  Cool        Avg
    Mean                              Deg   Deg         Wind                 Dom
Day Temp  High   Time   Low    Time   Days  Days  Rain  Speed High   Time    Dir
----------------------------------------------------------------------------------
 1   5,9   8,1   12:52   4,5   18:12  16,6   0,0   0,0   2,4  10,2   13:21    NW
 2   6,0  10,7   15:42  -1,3   23:12  12,4   0,0   6,0   2,6  18,0   16:37    NW
 3   4,9   6,0   05:51   3,1   09:45  13,4   0,0   3,6   2,1   9,2   06:01    NW
 4   4,5   8,1   09:20   2,5   09:41  16,6   0,0   3,9   1,3   9,2   06:01    NW
 5   5,9   6,8   14:20   4,2   00:00  12,4   0,0   0,0   1,2   4,8   04:30   NNW
 6   4,9   6,9   12:38   3,2   23:35  16,4   0,0   0,0   1,1   6,5   21:49    NW
 7   4,5   7,5   13:07   2,4   03:00  10,7   0,0   0,6   1,1   5,4   19:50    NW
 8   5,2   7,0   14:55   3,8   05:35  13,1   0,0   0,6   1,9   7,5   13:20   WNW
 9   7,3   8,3   13:45   5,5   10:10  11,0   0,0   3,9   3,1  17,7   13:25    NW
10   6,1  11,0   09:19   3,8   05:35  19,1   0,0   6,6   3,3  20,0   09:07    NW
11   3,8  11,8   12:32   2,4   04:55  12,3   0,0   2,4   2,3  11,9   02:40    NW
12   6,6   8,0   17:49   4,7   01:11  11,7   0,0   0,6   2,5  12,2   17:12   WNW
13   6,0   8,2   12:00   5,0   04:18  12,4   0,0   3,3   1,3   9,2   12:45   WNW
14   3,5   5,3   13:20   1,1   09:41  14,8   0,0   3,0   1,5   8,8   09:12    NW
15   4,5  17,6   18:24  -2,4   02:59  13,8   0,0   7,8   1,8   8,8   10:42   WNW
16   6,0   8,2   12:38   4,4   23:46  12,3   0,0   0,0   2,3  10,5   04:58   WNW
17   3,7   5,9   12:52   2,2   09:18  14,6   0,0   0,3   1,5   8,2   14:20    NW
18   2,2   2,7   11:16  -2,1   17:25  16,2   0,0   0,0   1,0   7,5   12:34   WNW
19   1,7   2,7   12:17   0,3   14:10  16,6   0,0   3,0   0,1   3,1   17:32     S
20   1,7   3,1   13:13   0,9   18:11  16,7   0,0   4,5   0,2   2,7   02:31   SSE
21   0,7   1,7   12:48  -0,5   20:41  17,6   0,0   0,6   0,1   2,7   14:18    NW
22  -0,7   4,5   13:15  -2,6   07:13  19,0   0,0   0,0   0,2   2,0   10:19    SE
23  -1,1   0,3   13:44  -2,5   04:52  19,4   0,0   0,0   0,3   5,4   23:51    NW
24  -0,3   1,5   16:24  -1,6   03:21  18,6   0,0   0,0   1,0   6,1   04:24   WNW
25   1,5   6,3   12:52  -0,7   21:15  16,8   0,0   2,7   0,2   3,1   13:23   NNW
26   2,8   4,2   15:03   1,8   00:02  15,6   0,0   6,0   1,1   7,1   09:26    NW
27   3,1   8,1   13:07   1,0   19:28  15,2   0,0   0,0   0,9   5,1   08:11    NW
28   3,8   5,1   18:07  -3,7   19:20  14,6   0,0   3,6   2,2  10,2   19:19   WNW
29   1,2   8,7   09:37  -3,3   09:19  17,3   0,0   4,2   2,1  10,9   00:07   WNW
30   1,2   2,8   14:02  -0,2   08:22  17,1   0,0   0,3   0,2   2,7   01:22   WNW
31   0,9   5,6   12:58  -0,4   04:29  17,4   0,0   0,0   0,6   3,7   21:53   NNW
----------------------------------------------------------------------------------
     3,5  17,6    15    -3,7    28   471,7   0,0  67,5   1,3  20,0    10      NW

Max >=  27,0:  0
Max <=   0,0:  0
Min <=   0,0: 12
Min <= -18,0:  0
Max Rain: 7,8 on day 15
Days of Rain: 21 (>= 0,2 mm)  15 (>= 2,0 mm)  0 (>= 20,0 mm)
Heat Base: 18,3  Cool Base: 18,3  Method: Integration