NOAA-Style Climate Reports


Report for 2015
                   Annual Climatological Summary for 2015

Name: Vejret i Vindeby   City: Svendborg   State: 
Elevation: 32 m  Lat: N 55° 02' 32"   Lon: E 010° 37' 02"

                  Temperature (°C), Heat Base: 18,3  Cool Base: 18,3
                          Dep.  Heat  Cool                       Max  Max  Min  Min
        Mean  Mean        From  Deg   Deg                        >=   <=   <=   <=
 YR MO  Max   Min   Mean  Norm  Days  Days  Hi  Date  Low  Date 27,0  0,0  0,0 -18,0
------------------------------------------------------------------------------------
 15  1   6,5   1,1   3,5   0.0   471     0  17,6  15  -3,7   28    0    0   12    0
 15  2   5,1  -0,6   2,5   0.0   443     0  11,6  10  -7,6   10    0    1   13    0
 15  3  10,3   2,4   5,6   0.0   395     0  18,8  19  -3,1    8    0    0    2    0
 15  4  15,1   4,3   8,9   0.0   287     0  22,4  20  -0,2    4    0    0    1    0
 15  5  17,2   7,4  11,9   0.0   214     0  24,5  13   0,0    9    0    0    2    0
 15  6  19,3  10,5  14,7   0.0   117     9  28,2  30   6,9   17    1    0    0    0
 15  7  23,8  13,6  18,0   0.0    53    45  31,1   5  10,0   11    9    0    0    0
 15  8  26,5  14,9  19,6   0.0    27    66  35,9   9   7,2    1   11    0    0    0
 15  9  18,5  10,6  14,1   0.0   128     2  22,0   9   3,1   26    0    0    0    0
 15 10  13,1   7,8  10,2   0.0   251     0  19,2   2   3,1   26    0    0    0    0
 15 11  10,1   6,0   8,2   0.0   303     0  15,0   7  -1,9   23    0    0    1    0
 15 12   9,2   2,9   7,3   0.0   342     0  12,6  25  -9,4   27    0    0    8    0
------------------------------------------------------------------------------------
        14,6   6,7  10,4   0.0  3038   126  35,9 aug  -9,4  dec   21    1   39    0

                                Precipitation (mm)

              Dep.   Max        Days of Rain
              From   Obs.           >=
 YR MO Total  Norm   Day Date  0,2  2,0 20,0
---------------------------------------------
 15  1  67,5   0.0   7,8  15    21   15    0
 15  2  19,8   0.0   7,5  21    10    3    0
 15  3  43,2   0.0  10,5  31    13    7    0
 15  4  19,2   0.0   3,9  12    11    5    0
 15  5  68,7   0.0  10,2  18    21   11    0
 15  6  34,3   0.0   6,3  17    12    8    0
 15  7  99,9   0.0  48,3  25    18    9    1
 15  8  72,3   0.0  18,9  15    13    6    0
 15  9  74,1   0.0  14,7  13    20   11    0
 15 10  67,8   0.0  11,4   7    16    9    0
 15 11 120,3   0.0  20,1  19    24   19    1
 15 12  82,8   0.0  28,2  26    23   12    1
---------------------------------------------
       769,9   0.0  48,3  jul  202  115    3

                                Wind Speed (m/s)
                          Dom
 YR MO   Avg.  Hi   Date  Dir
------------------------------
 15  1   1,3  20,0   10    NW
 15  2   1,1  11,2   15   WNW
 15  3   1,1  11,8    8   WNW
 15  4   0,9  12,6   20    NW
 15  5   0,8  18,5   12   WNW
 15  6   0,6  10,2    2    NW
 15  7   0,9  12,9    8     W
 15  8   1,0  24,8   31   ENE
 15  9   0,8   9,2   17     W
 15 10   0,9  25,8   25   ENE
 15 11   1,2  21,8   21     W
 15 12   1,5  29,2   30     W
------------------------------
         1,0  29,2  dec   WNW