NOAA-Style Climate Reports


Report for 2014 December
                   Monthly Climatological Summary for dec 2014

Name: Vejret i Vindeby   City: Svendborg   State: 
Elevation: 32 m  Lat: N 55° 02' 32"   Lon: E 010° 37' 02"

                  Temperature (°C), Rain (mm), Wind Speed (m/s)

                                      Heat  Cool        Avg
    Mean                              Deg   Deg         Wind                 Dom
Day Temp  High   Time   Low    Time   Days  Days  Rain  Speed High   Time    Dir
----------------------------------------------------------------------------------
 1   2,1   4,1   12:57   0,0   00:04  17,0   0,0   0,0   1,1   8,2   11:16   SSE
 2   0,1   1,0   23:41  -0,9   09:00  18,3   0,0   0,0   0,7   5,8   00:12     S
 3   1,9   2,6   13:52   0,6   02:04  16,5   0,0   0,0   0,6   4,1   09:51    SE
 4   3,8   6,8   21:44   2,2   06:01  14,5   0,0   0,0   1,1   8,2   11:56     S
 5   4,0   5,5   06:44   3,4   14:04  14,3   0,0   0,0   0,6   5,4   15:27   WNW
 6   4,5   8,7   12:21   1,6   20:35  13,8   0,0   0,0   0,7   4,4   01:32    NW
 7   4,8   6,1   22:29   2,9   00:00  13,5   0,0   0,0   1,7   9,2   15:51   WNW
 8   4,2   5,6   00:01   3,2   23:49  14,1   0,0   0,0   1,2   7,5   11:49   WNW
 9   3,2   4,2   23:54   2,3   05:44  15,1   0,0   0,0   1,2   6,1   22:24    NW
10   5,1   6,9   13:24   3,8   05:14  13,2   0,0   0,0   2,5   9,9   08:44   WNW
11   3,7   5,3   03:09   1,8   08:18  14,6   0,0   0,0   2,0  11,2   01:31   WNW
12   5,6   8,2   14:54   2,7   03:21  12,7   0,0   0,0   2,1  12,9   14:06   WNW
13   6,0  15,1   10:55   3,2   22:30  12,4   0,0   3,3   1,6   5,8   12:27   WNW
14   3,3   4,3   12:29   1,6   08:56  15,0   0,0   0,3   1,6   8,8   15:33   WNW
15   4,4   5,6   13:47   3,3   05:46  13,9   0,0   1,5   2,0   8,2   03:01   WNW
16   4,4   5,2   11:34   3,6   18:34  13,9   0,0   1,5   1,4   6,8   10:48   WNW
17   4,1   5,0   01:55   3,5   15:45  14,2   0,0   1,5   0,9   6,1   00:24    NW
18   7,6   9,2   19:08   4,4   00:01  10,7   0,0   2,4   1,3   9,9   20:14   WNW
19   7,2   9,2   03:41   2,2   04:47  11,2   0,0   0,6   1,6   9,5   20:13    NW
20   4,7   6,3   06:46   3,2   02:19  13,6   0,0   4,2   2,1   8,5   07:41    NW
21   5,8   8,3   23:29   4,3   00:00  12,5   0,0   4,2   1,7   8,8   23:56    NW
22   8,0   9,5   11:16   6,9   03:54  10,3   0,0  12,6   1,6  11,2   01:46    NW
23   7,2   8,3   03:37   0,6   12:15  11,1   0,0   3,0   1,6   9,3   14:15   NNW
24   6,2   7,5   13:15  -5,4   19:48  12,1   0,0   8,1   0,9   7,5   21:29    NW
25   2,4   4,9   00:00  -2,1   23:51  15,9   0,0   3,9   1,1   7,1   13:17     E
26  -1,3   1,6   22:20  -4,9   08:35  19,6   0,0   0,0   0,4   3,7   22:21    NW
27  -0,4   1,6   00:00  -3,1   23:56  18,7   0,0   0,0   0,5   3,4   18:34     S
28  -0,7   2,1   23:11  -3,5   09:14  19,0   0,0   0,6   0,5   5,4   21:01     S
29   0,9   2,9   23:50  -1,8   09:56  17,6   0,0   0,3   0,8   4,4   02:56    NW
30   4,4   5,6   22:50   2,0   15:33  13,9   0,0   0,0   0,7   3,7   20:13    NW
31   6,8   8,0   12:50   5,5   00:00  11,5   0,0   0,0   0,8   5,1   15:50   NNW
----------------------------------------------------------------------------------
     4,0  15,1    13    -5,4    24   444,7   0,0  48,0   1,2  12,9    12     WNW

Max >=  27,0:  0
Max <=   0,0:  0
Min <=   0,0:  8
Min <= -18,0:  0
Max Rain: 12,6 on day 22
Days of Rain: 15 (>= 0,2 mm)  8 (>= 2,0 mm)  0 (>= 20,0 mm)
Heat Base: 18,3  Cool Base: 18,3  Method: Integration