NOAA-Style Climate Reports


Report for 2014 November
                   Monthly Climatological Summary for nov 2014

Name: Vejret i Vindeby   City: Svendborg   State: 
Elevation: 32 m  Lat: N 55° 02' 32"   Lon: E 010° 37' 02"

                  Temperature (°C), Rain (mm), Wind Speed (m/s)

                                      Heat  Cool        Avg
    Mean                              Deg   Deg         Wind                 Dom
Day Temp  High   Time   Low    Time   Days  Days  Rain  Speed High   Time    Dir
----------------------------------------------------------------------------------
 1  13,7  16,4   14:04  11,4   07:16   4,6   0,0   0,0   0,4   4,4   13:22   WNW
 2  13,9  16,3   14:36  13,1   06:55   4,4   0,0   0,0   0,9   4,8   14:44    NW
 3  13,4  14,3   13:40  12,4   08:20   4,9   0,0   3,0   1,4   8,8   09:31   WNW
 4  12,3  14,4   00:25  10,5   23:24   6,0   0,0   0,6   0,9   7,5   06:15   WNW
 5   9,7  10,8   01:44   8,9   08:04   8,6   0,0   6,0   0,6   6,2   20:23    SE
 6   9,0  10,2   12:36   6,4   20:23   9,3   0,0   0,6   0,1   3,4   14:36    NW
 7   8,8  10,9   14:34   6,9   06:58   9,5   0,0   0,0   0,6   5,8   18:58    SW
 8   9,7  11,3   17:14   8,5   00:48   8,6   0,0   0,6   0,7   4,8   14:06    NW
 9  10,1  13,1   12:25   5,0   15:36   8,2   0,0   0,3   1,0   4,8   11:57     S
10   9,4  10,5   18:25   3,0   09:22   8,9   0,0   1,2   0,4   5,1   08:31     W
11   9,3  11,3   11:04   7,7   07:32   9,0   0,0   0,3   0,9   6,5   23:41     S
12  11,1  11,7   10:58  10,3   00:00   7,2   0,0   0,6   1,8   9,2   08:19   SSE
13  11,1  11,6   01:21  10,6   23:18   7,2   0,0   0,0   0,6   3,7   18:10   SSE
14  10,7  11,5   12:16   9,5   23:13   7,6   0,0   0,3   1,1   8,2   19:19   SSE
15   9,9  10,5   22:59   9,3   06:36   8,4   0,0   0,0   2,0   9,5   17:57   SSE
16   9,3  10,5   00:00   8,4   14:14   9,0   0,0   0,0   2,5  16,7   09:38   SSE
17   9,6  11,3   14:12   8,9   00:04   8,7   0,0   0,0   1,0   5,4   00:29   SSE
18   8,7   9,8   03:34   7,2   22:43   9,6   0,0   0,0   1,8   8,5   19:33    SE
19   6,8   7,2   00:03   6,5   04:26  11,5   0,0   0,0   1,2   5,8   02:01    SE
20   6,7   7,9   12:48   5,8   05:31  11,6   0,0   0,0   0,2   2,0   09:50    SE
21   6,7   7,7   10:59   2,5   23:49  11,7   0,0   0,0   0,1   1,7   04:13    SE
22   5,2   6,9   11:27   1,8   01:39  13,0   0,0   0,0   0,8   5,8   13:19   SSW
23   7,5   9,0   23:50   6,6   12:31  10,8   0,0   0,0   1,4   6,8   01:29   SSW
24   9,0  11,6   12:36   7,0   23:07   9,3   0,0   0,0   1,0   6,1   13:36    NW
25   6,3  12,5   12:37   2,5   23:53  12,0   0,0   0,0   0,2   2,4   00:12    NW
26   5,8   7,4   11:59   2,1   00:33  12,4   0,0   0,0   0,6   5,4   15:40     S
27   4,9   7,2   14:26   3,4   23:57  13,4   0,0   0,0   1,3   6,8   14:22   SSE
28   3,6   5,4   11:37   1,8   23:42  14,7   0,0   0,0   1,6   8,8   10:12   SSE
29   1,7   3,8   14:31   0,1   23:51  16,5   0,0   0,0   1,5   6,8   10:15   SSE
30  -0,2   1,9   02:16  -0,6   06:30  18,4   0,0   0,0   1,2   6,8   16:52     S
----------------------------------------------------------------------------------
     8,5  16,4     1    -0,6    30   295,0   0,0  13,5   1,0  16,7    16       S

Max >=  27,0:  0
Max <=   0,0:  0
Min <=   0,0:  1
Min <= -18,0:  0
Max Rain: 6,0 on day 5
Days of Rain: 10 (>= 0,2 mm)  2 (>= 2,0 mm)  0 (>= 20,0 mm)
Heat Base: 18,3  Cool Base: 18,3  Method: Integration