NOAA-Style Climate Reports


Report for 2014 Oktober
                   Monthly Climatological Summary for okt 2014

Name: Vejret i Vindeby   City: Svendborg   State: 
Elevation: 32 m  Lat: N 55° 02' 32"   Lon: E 010° 37' 02"

                  Temperature (°C), Rain (mm), Wind Speed (m/s)

                                      Heat  Cool        Avg
    Mean                              Deg   Deg         Wind                 Dom
Day Temp  High   Time   Low    Time   Days  Days  Rain  Speed High   Time    Dir
----------------------------------------------------------------------------------
 1  16,0  18,2   14:53  14,8   00:01   2,3   0,0   0,3   0,2   3,1   15:08    NW
 2  16,4  18,2   16:48  14,1   23:53   1,9   0,0   0,0   0,2   2,7   09:43    NW
 3  16,6  20,2   15:38  13,6   00:48   1,7   0,0   0,0   0,4   3,1   18:18   SSW
 4  15,7  18,8   14:02  14,0   23:52   1,2   0,0   0,0   0,8   4,8   13:02   SSW
 5  15,0  18,5   14:02  12,8   04:22   3,3   0,0   0,0   0,8   5,4   20:22   SSE
 6  14,3  17,1   12:07  13,2   05:02   4,0   0,0   0,0   2,0   9,5   15:12   SSE
 7  12,9  14,2   15:47  11,3   16:37   5,4   0,0   7,5   1,6   7,5   03:17     S
 8  13,2  15,0   23:11  11,1   05:01   5,1   0,0   0,3   1,1   4,8   00:11   WNW
 9  16,1  18,7   11:46  14,3   23:41   2,2   0,0   0,0   1,1   5,8   07:41    NW
10  14,8  17,5   13:16  12,1   23:53   3,5   0,0   0,0   1,1   7,1   06:56   WNW
11  14,6  18,3   15:14  10,7   08:19   4,1   0,0   0,0   0,2   2,7   13:54   SSW
12  14,2  16,7   15:29  10,9   22:49   4,1   0,0   1,5   0,5   5,1   08:19    NW
13  12,5  13,3   11:34  10,9   00:03   5,8   0,0  24,9   0,9   6,5   12:26    SE
14  12,4  12,9   22:24  12,0   04:55   5,9   0,0   2,7   0,6   3,7   13:14    SE
15  13,6  14,9   13:39  12,7   23:19   4,7   0,0   0,0   0,3   2,4   00:44   SSW
16  13,3  15,0   12:14  12,2   08:29   5,0   0,0   6,3   0,3   2,7   12:39   WNW
17  13,6  15,3   15:51  11,7   22:56   4,7   0,0   3,6   0,2   3,4   13:36   WNW
18  13,6  15,7   20:51  10,9   02:16   4,7   0,0   0,0   0,6   4,8   15:41    SW
19  15,7  16,3   17:51  15,0   15:36   2,6   0,0  24,0   1,0   5,8   19:56    NW
20  14,1  15,7   02:41  11,9   18:30   4,2   0,0   8,4   0,9   6,8   02:51    NW
21  12,5  13,7   11:55  11,6   05:30   5,6   0,0  11,1   0,7   5,8   14:19    NW
22  12,0  15,0   16:00   8,2   08:10   6,3   0,0   0,0   0,3   2,7   12:35    SE
23  12,3  13,6   15:04  10,5   07:55   5,5   0,0   0,3   0,3   3,4   23:02    NW
24  12,7  13,9   13:46  11,7   23:46   5,6   0,0   0,0   1,1   6,8   10:12    NW
25  11,7  13,3   15:26  10,8   04:11   6,6   0,0   4,8   0,7   4,4   00:16   WNW
26  12,6  14,3   13:37  11,0   03:46   5,7   0,0   0,3   1,2   6,5   20:44   WNW
27  13,5  15,1   14:49  12,3   23:59   4,8   0,0   0,0   1,4   6,0   12:19   WNW
28  12,1  14,9   14:17   9,3   23:34   6,2   0,0   0,0   1,0   5,1   10:31   WNW
29   9,2  13,1   14:43   5,0   23:46   9,0   0,0   0,0   0,7   5,4   02:44   WNW
30   8,2  12,6   14:37   4,2   07:03  10,1   0,0   0,3   0,1   2,4   23:44    SW
31  11,7  12,9   14:22  10,3   01:53   6,6   0,0   1,2   0,3   3,4   03:16   WSW
----------------------------------------------------------------------------------
    13,5  20,2     3     4,2    30   148,4   0,0  97,5   0,7   9,5     6       W

Max >=  27,0:  0
Max <=   0,0:  0
Min <=   0,0:  0
Min <= -18,0:  0
Max Rain: 24,9 on day 13
Days of Rain: 16 (>= 0,2 mm)  9 (>= 2,0 mm)  2 (>= 20,0 mm)
Heat Base: 18,3  Cool Base: 18,3  Method: Integration