NOAA-Style Climate Reports


Report for 2014 September
                   Monthly Climatological Summary for sep 2014

Name: Slettensvej Vejrstation   City: Odense   State: 
Elevation: 6 m  Lat: N 55° 25' 38"   Lon: E 010° 21' 57"

                  Temperature (°C), Rain (mm), Wind Speed (m/s)

                                      Heat  Cool        Avg
    Mean                              Deg   Deg         Wind                 Dom
Day Temp  High   Time   Low    Time   Days  Days  Rain  Speed High   Time    Dir
----------------------------------------------------------------------------------
 1  16,8  22,5   14:29  13,2   23:41   1,9   0,3   0,0   0,2   3,1   16:49     E
 2  16,6  29,0   17:17   8,5   06:33   4,0   2,3   0,0   0,1   3,4   09:49   ENE
 3  15,3  29,1   16:12   5,9   05:53   5,1   2,1   0,0   0,1   3,4   12:54   ESE
 4  15,2  27,1   14:18   5,5   05:39   5,0   1,9   0,0   0,5   4,8   10:11     E
 5  17,7  28,1   14:38  11,0   01:00   2,7   2,1   0,0   0,2   4,8   17:08     E
 6  20,7  29,4   14:10  14,9   04:07   1,1   3,5   0,0   0,5   4,8   12:15     E
 7  18,5  25,7   15:59  13,3   23:54   1,4   1,6   1,5   0,1   3,1   16:26   ESE
 8  14,4  20,8   15:10   8,8   04:30   4,0   0,2   0,9   0,7   7,8   16:42    SE
 9  15,9  24,4   13:54  11,6   02:33   2,9   0,6   0,6   0,8   6,8   16:47   ESE
10  17,4  26,7   15:02   9,6   06:55   2,6   1,6   0,0   0,4   6,5   16:23    NV
11  17,3  28,7   15:32   9,3   06:42   3,1   2,2   0,0   0,0   2,7   15:54   NNV
12  16,5  29,8   16:08   9,3   06:42   4,0   2,2   0,0   0,1   3,4   14:44     N
13  16,8  26,0   14:36   9,5   05:57   3,3   1,8   0,0   0,2   3,7   15:42    NV
14  15,9  17,1   17:46  15,0   04:30   2,4   0,0   3,6   0,1   3,4   12:48   VNV
15  17,4  24,1   17:02  15,2   03:39   1,7   0,8   5,7   0,4   5,4   16:11     E
16  18,0  26,7   13:57  12,9   06:31   2,3   1,9   0,0   0,4   5,1   17:32     E
17  17,2  27,0   14:46  12,8   04:40   2,7   1,6   0,0   0,2   5,1   16:44     E
18  17,7  25,6   15:59  12,1   06:50   2,4   1,8   0,0   0,4   5,8   12:58     E
19  17,2  29,2   15:47  11,0   23:58   3,4   2,3   0,0   0,1   2,7   14:53   NNV
20  15,9  26,7   16:12  10,9   00:17   3,8   1,4   0,0   0,1   2,0   13:42     E
21  15,5  24,1   14:54  11,7   00:34   3,5   0,7   2,1   0,4   5,8   07:56   NNV
22  11,4  18,5   16:52   6,6   22:55   6,9   0,0  12,3   1,1   8,2   09:35    NV
23  11,2  19,6   12:37   2,5   07:09   7,1   0,0   0,3   0,2   5,1   15:50   SSE
24  13,1  16,8   14:32  10,4   23:51   5,2   0,0   6,0   0,6   7,1   10:48   SSE
25  12,5  17,5   13:31   9,8   01:15   5,8   0,0   0,6   0,3   5,4   12:29    SE
26  15,1  20,3   16:07   8,8   23:16   3,2   0,0   0,0   0,6   5,8   15:03    SE
27  13,3  21,9   15:00   7,7   03:57   5,4   0,3   0,0   0,5   6,5   13:14    SE
28  14,5  22,2   15:10   9,5   00:00   4,1   0,4   0,0   0,5   5,8   16:28    SE
29  15,1  27,7   15:34  10,6   00:35   4,2   1,0   0,0   0,1   1,7   11:30     V
30  13,7  14,7   13:24  12,1   00:59   4,6   0,0  16,5   0,1   3,4   14:42     E
----------------------------------------------------------------------------------
    15,8  29,8    12     2,5    23   109,8  34,6  50,1   0,3   8,2    22     ESE

Max >=  25,0: 16
Max <=   0,0:  0
Min <=   0,0:  0
Min <= -10,0:  0
Max Rain: 16,5 on day 30
Days of Rain: 11 (>= 0,2 mm)  6 (>= 2,0 mm)  2 (>= 10,0 mm)
Heat Base: 18,3  Cool Base: 18,3  Method: Integration