NOAA-Style Climate Reports


Report for 2014 August
                   Monthly Climatological Summary for aug 2014

Name: Slettensvej Vejrstation   City: Odense   State: 
Elevation: 6 m  Lat: N 55° 25' 38"   Lon: E 010° 21' 57"

                  Temperature (°C), Rain (mm), Wind Speed (m/s)

                                      Heat  Cool        Avg
    Mean                              Deg   Deg         Wind                 Dom
Day Temp  High   Time   Low    Time   Days  Days  Rain  Speed High   Time    Dir
----------------------------------------------------------------------------------
 1  23,2  31,8   16:43  14,8   05:42   0,7   5,5   0,0   0,7   6,1   16:21    SO
 2  23,3  30,4   15:19  17,2   04:57   0,1   5,1   0,0   0,9   8,8   16:45     O
 3  20,6  28,0   09:19  11,6   13:31   0,9   3,2   3,6   0,4   4,4   01:54     O
 4  21,8  32,1   16:13  14,7   10:59   0,2   3,8   0,0   0,3   3,7   11:33   VNV
 5  20,2  32,6   13:56  14,4   05:48   1,0   2,9   0,3   0,1   3,1   11:23     S
 6  20,4  32,0   14:58  10,2   05:55   2,2   4,3   0,3   0,3   3,7   15:49   SSO
 7  18,1  23,9   17:14  11,5   02:36   1,9   1,6   0,0   0,3   4,8   16:09    SO
 8  20,6  31,4   16:25  12,1   05:08   2,0   4,4   0,0   0,3   4,4   14:10   SSO
 9  19,0  24,7   09:43  12,6   23:57   1,1   1,8   6,3   1,1   7,5   09:54   OSO
10  19,6  27,9   15:18  10,8   04:20   2,0   3,4   1,5   1,2   8,8   19:02     O
11  18,8  23,9   16:35  14,2   21:53   0,8   1,3   2,7   1,1   8,5   11:01    SO
12  15,3  22,9   15:50  12,0   06:40   3,3   0,3   6,9   0,9   7,5   14:29   SSO
13  16,7  23,9   14:38  12,4   05:12   2,4   0,8   0,0   0,9   7,5   12:59    SO
14  17,5  25,1   15:15  11,6   04:35   2,4   1,6   0,0   0,7   6,8   12:41    SO
15  17,2  25,7   14:09  12,2   05:50   2,4   1,2   0,3   0,3   5,4   17:02    SO
16  15,2  22,1   17:08   9,8   05:47   3,5   0,4   0,3   0,6   7,1   13:37   OSO
17  14,2  18,0   09:28  11,4   23:26   4,1   0,0  24,6   1,0   6,5   08:23   SSO
18  14,2  20,8   15:41  11,1   00:22   4,1   0,1   3,0   1,2   7,1   14:51    SO
19  15,1  20,8   13:45  11,5   04:48   3,4   0,2   0,3   1,4   8,8   13:03   SSO
20  15,2  21,6   16:23  11,4   23:57   3,4   0,3   0,6   1,1   7,5   14:54    SO
21  13,8  20,8   15:44   9,8   03:19   4,6   0,1   0,3   0,9   6,5   14:55    SO
22  13,1  16,8   10:57  11,4   05:11   5,2   0,0   2,4   0,6   4,8   10:49   SSO
23  14,1  20,6   16:32   9,6   23:25   4,4   0,1   0,3   0,7   5,8   12:57    SO
24  14,0  21,2   16:49   9,7   03:57   4,5   0,2   0,0   0,8   8,5   14:09    SO
25  13,3  21,2   16:41   8,9   22:39   5,1   0,1   0,0   0,5   5,4   16:51    SO
26  15,4  27,9   16:28   7,2   23:44   4,6   1,7   0,0   0,2   5,1   15:53    NV
27  15,9  29,8   14:45   5,9   05:58   4,8   2,4   0,0   0,3   3,4   15:05    NV
28  16,0  28,4   17:00   5,8   06:31   4,5   2,1   0,0   0,2   2,7   13:47     S
29  16,4  24,7   17:17  11,7   00:12   2,5   0,5   0,9   0,2   4,4   19:15    SO
30  15,9  21,2   16:46  11,6   04:07   2,6   0,2   0,9   0,5   5,4   15:32    SO
31  15,2  20,3   13:48  11,5   02:38   3,1   0,1   4,8   0,0   2,4   17:25     V
----------------------------------------------------------------------------------
    17,1  32,6     5     5,8    28    87,8  49,7  60,3   0,6   8,8     2      SO

Max >=  25,0: 13
Max <=   0,0:  0
Min <=   0,0:  0
Min <= -10,0:  0
Max Rain: 24,6 on day 17
Days of Rain: 19 (>= 0,2 mm)  8 (>= 2,0 mm)  1 (>= 10,0 mm)
Heat Base: 18,3  Cool Base: 18,3  Method: Integration