NOAA-Style Climate Reports


Report for 2014 Juli
                   Monthly Climatological Summary for jul 2014

Name: Slettensvej Vejrstation   City: Odense   State: 
Elevation: 6 m  Lat: N 55° 25' 38"   Lon: E 010° 21' 57"

                  Temperature (°C), Rain (mm), Wind Speed (m/s)

                                      Heat  Cool        Avg
    Mean                              Deg   Deg         Wind                 Dom
Day Temp  High   Time   Low    Time   Days  Days  Rain  Speed High   Time    Dir
----------------------------------------------------------------------------------
 1  15,0  24,7   18:07   8,4   04:43   3,9   0,6   3,9   0,3   4,8   16:49    SO
 2  15,0  23,0   15:45   8,6   02:24   3,8   0,5   0,3   0,4   6,1   15:17     O
 3  16,9  24,1   17:00  11,0   01:17   2,4   1,0   0,0   1,1   8,5   13:40   SSO
 4  22,3  31,0   17:18  15,1   23:47   0,9   4,9   0,0   0,7   6,5   12:11    SO
 5  21,7  31,9   17:15  15,3   00:00   0,2   3,6   2,4   0,4   6,5   18:44   OSO
 6  22,6  30,3   18:07  15,8   05:24   0,4   4,7   1,2   0,8   5,1   18:28   OSO
 7  21,7  29,7   18:48  16,6   23:56   0,1   3,4   0,0   0,5   4,8   08:35   SSO
 8  19,8  30,7   17:32  13,2   05:42   0,9   2,5   0,0   0,2   3,7   08:16    NV
 9  25,7  35,0   15:43  19,1   06:10   0,0   7,4   0,9   0,5   6,5   17:02    NO
10  25,1  36,6   18:07  15,8   02:35   0,4   7,3   0,0   0,2   4,4   15:04    NV
11  23,6  33,1   15:20  14,7   04:27   0,8   6,1   0,0   0,3   4,1   13:06    NO
12  20,0  29,0   15:59  11,6   04:07   1,6   3,3   0,0   0,2   4,1   14:16   NNV
13  16,6  20,0   16:21  14,1   04:44   1,9   0,2   0,0   0,4   4,4   14:18    SO
14  18,2  25,0   17:17  15,0   02:32   1,0   0,9   8,7   0,8   7,5   13:59    SO
15  19,1  23,8   11:20  14,7   05:52   0,9   1,7   0,3   0,9  10,9   20:30    SO
16  19,1  29,1   17:48  10,9   05:19   2,2   3,0   0,0   0,2   3,7   16:18   VSV
17  20,2  31,6   15:31   9,0   05:31   2,7   4,6   0,0   0,2   3,7   15:20   SSV
18  23,1  36,1   16:41  12,7   04:39   1,4   6,2   0,0   0,2   3,1   12:28   OSO
19  23,7  32,9   15:33  14,6   03:32   0,8   6,2   0,0   0,6   4,4   13:24     O
20  22,7  30,9   13:47  13,9   05:09   0,8   5,2   0,0   0,6   5,1   13:49     O
21  24,0  33,8   18:28  16,4   04:15   0,2   5,9   0,0   0,3   4,8   15:46     N
22  23,7  35,2   16:22  14,3   05:35   0,8   6,2   0,0   0,2   4,4   15:05    NV
23  23,9  35,1   15:06  13,0   05:03   1,2   6,7   0,0   0,2   4,1   12:45    NV
24  24,1  36,8   17:21  13,5   05:17   1,1   6,9   0,0   0,2   3,1   15:47     N
25  24,5  37,2   17:25  13,5   05:03   1,1   7,3   0,0   0,2   3,4   10:19   VNV
26  24,3  33,7   14:07  18,2   02:11   0,0   6,1   0,0   0,3   3,7   15:59   OSO
27  22,4  33,6   15:33  15,1   05:51   0,6   4,7   0,0   0,3   5,1   14:14    SO
28  23,8  35,8   15:31  15,1   05:38   0,7   6,2   0,0   0,2   3,4   13:45   NNV
29  24,1  34,8   16:45  15,0   05:21   0,6   6,5   0,0   0,2   3,7   11:52     N
30  21,6  30,8   15:12  14,3   05:57   0,9   4,2   0,0   0,5   6,1   17:24   VSV
31  20,1  28,9   14:51  11,9   04:43   1,5   3,3   0,0   0,6   6,1   15:50    SO
----------------------------------------------------------------------------------
    21,6  37,2    25     8,4     1    35,8 137,3  17,7   0,4  10,9    15     OSO

Max >=  25,0: 26
Max <=   0,0:  0
Min <=   0,0:  0
Min <= -10,0:  0
Max Rain: 8,7 on day 14
Days of Rain: 7 (>= 0,2 mm)  3 (>= 2,0 mm)  0 (>= 10,0 mm)
Heat Base: 18,3  Cool Base: 18,3  Method: Integration