NOAA-Style Climate Reports


Report for 2014 Juni
                   Monthly Climatological Summary for jun 2014

Name: Slettensvej Vejrstation   City: Odense   State: 
Elevation: 6 m  Lat: N 55° 25' 38"   Lon: E 010° 21' 57"

                  Temperature (°C), Rain (mm), Wind Speed (m/s)

                                      Heat  Cool        Avg
    Mean                              Deg   Deg         Wind                 Dom
Day Temp  High   Time   Low    Time   Days  Days  Rain  Speed High   Time    Dir
----------------------------------------------------------------------------------
 1  15,2  25,7   17:59   9,7   23:59   3,9   0,9   0,0   0,2   2,4   07:47     V
 2  18,6  30,6   16:59   8,2   01:16   3,1   3,5   0,0   0,2   3,1   11:15     O
 3  19,1  29,1   15:28  10,9   23:55   2,2   3,1   0,0   0,2   3,1   10:32   VNV
 4  17,5  27,1   15:53   8,8   02:31   3,0   2,2   0,0   0,5   5,1   19:59     O
 5  15,6  21,5   17:24  11,2   23:24   3,0   0,3   2,7   0,7   5,8   16:43    SO
 6  13,6  17,3   16:07  11,3   00:50   4,7   0,0   5,7   1,2   7,8   15:48    SO
 7  17,7  28,7   17:46   8,7   05:07   3,0   2,4   0,0   0,2   2,7   11:36   OSO
 8  18,1  29,4   15:35  10,5   02:24   2,4   2,3   1,2   0,3   4,1   13:54   OSO
 9  20,7  32,3   18:00  10,7   04:24   2,1   4,6   0,0   0,2   3,4   09:15    NV
10  22,0  31,7   17:12  11,9   03:32   1,4   5,0   0,0   0,4   4,4   12:59   OSO
11  20,0  27,9   17:56  12,7   23:51   0,8   2,4   3,0   0,3   5,8   19:51   SSO
12  18,5  27,3   16:23  11,3   05:07   2,3   2,6   0,3   0,6   5,1   17:49     N
13  16,7  26,0   16:33  12,1   04:46   2,7   1,1   3,0   0,6   6,5   17:59     N
14  18,5  27,4   16:12   8,6   23:56   2,5   2,7   0,0   0,4   5,4   14:19   VNV
15  17,1  28,1   15:46   6,1   04:58   3,8   2,6   0,0   0,3   4,1   18:48     V
16  17,8  28,6   17:45  10,5   00:45   2,5   2,0   0,0   0,4   3,7   07:40    SO
17  18,5  27,8   14:24   7,8   04:48   3,2   3,4   0,3   0,4   4,4   18:33     S
18  17,1  27,3   15:49   9,6   05:07   3,4   2,2   0,0   0,5   5,8   18:41   SSO
19  15,1  20,4   14:11  11,7   23:58   3,3   0,1   0,0   0,9   7,5   14:28     O
20  16,0  25,4   14:25  10,8   23:56   3,2   0,9   0,0   0,6   5,8   20:31     N
21  14,9  22,0   17:59   9,0   04:14   3,8   0,4   0,0   0,8   6,8   13:45    NO
22  15,3  24,0   14:38   8,3   04:54   4,0   1,0   0,0   0,8   7,1   15:36     O
23  16,3  25,4   18:07   9,3   04:11   3,5   1,5   0,0   0,8   6,1   14:37    NO
24  15,4  26,9   15:52   8,3   23:54   3,9   0,9   0,0   0,2   3,7   09:16     V
25  17,7  30,3   17:58   5,6   04:17   4,1   3,5   0,0   0,2   3,4   14:12   NNO
26  14,5  26,5   09:20   7,5   01:44   4,7   0,9  10,5   0,1   3,7   15:15    SO
27  15,2  25,3   17:09   6,9   03:48   4,4   1,3   3,6   0,4   5,1   14:43    SO
28  17,0  24,3   15:25  13,0   01:43   2,1   0,8   0,6   0,4   4,4   16:17   SSO
29  16,9  27,9   17:22   9,5   03:49   3,1   1,7   0,0   0,3   3,7   09:06    NV
30  16,0  25,2   14:48   6,8   04:48   3,9   1,6   0,0   0,4   4,1   15:00    NV
----------------------------------------------------------------------------------
    17,1  32,3     9     5,6    25    94,0  57,9  30,9   0,4   7,8     6       O

Max >=  25,0: 24
Max <=   0,0:  0
Min <=   0,0:  0
Min <= -10,0:  0
Max Rain: 10,5 on day 26
Days of Rain: 10 (>= 0,2 mm)  6 (>= 2,0 mm)  1 (>= 10,0 mm)
Heat Base: 18,3  Cool Base: 18,3  Method: Integration