NOAA-Style Climate Reports


Report for 2014 Maj
                   Monthly Climatological Summary for maj 2014

Name: Slettensvej Vejrstation   City: Odense   State: 
Elevation: 6 m  Lat: N 55° 25' 38"   Lon: E 010° 21' 57"

                  Temperature (°C), Rain (mm), Wind Speed (m/s)

                                      Heat  Cool        Avg
    Mean                              Deg   Deg         Wind                 Dom
Day Temp  High   Time   Low    Time   Days  Days  Rain  Speed High   Time    Dir
----------------------------------------------------------------------------------
 1   9,8  18,7   16:21   2,9   04:58   8,5   0,0   0,0   0,5   8,2   09:57    NV
 2  10,1  20,9   16:38   1,5   23:57   8,2   0,1   0,0   0,2   4,1   14:39   ONO
 3   7,6  17,1   14:48  -2,1   05:22  10,7   0,0   0,0   0,6   5,8   14:33   VSV
 4   9,2  18,9   14:39   3,1   05:30   9,1   0,0   0,0   0,5   4,8   09:03    NV
 5   7,1  10,6   16:15   1,6   02:58  11,2   0,0   0,0   0,4   4,8   12:13    SO
 6  12,5  17,5   17:40   8,4   05:35   5,8   0,0   0,0   1,1   7,5   11:12     O
 7  12,6  20,8   17:22   6,1   02:47   5,9   0,1   4,5   0,6   5,4   14:51     S
 8  11,6  18,7   16:26   8,9   05:44   6,7   0,0   5,4   0,8   5,8   13:55   SSO
 9  11,2  16,7   17:12   8,8   21:47   7,1   0,0  10,5   0,3   4,8   18:11   SSO
10  11,3  16,1   12:26   8,2   00:47   7,0   0,0   0,6   0,7   6,1   15:05   SSO
11  11,7  16,1   15:23   9,5   22:27   6,6   0,0   3,3   1,2   7,8   11:09   SSO
12  12,0  18,7   14:27   9,2   02:53   6,3   0,0   2,7   0,6   5,8   12:26     S
13  11,2  16,7   11:21   7,6   23:12   7,1   0,0   0,0   0,6   5,1   11:26    SV
14  11,4  21,6   17:32   6,3   03:04   6,9   0,1   0,0   0,5   5,8   10:24   VNV
15  13,7  25,2   16:07   5,3   03:28   5,6   1,1   0,0   0,2   3,4   13:44    NV
16  11,9  24,2   17:40   3,6   05:39   6,9   0,5   0,0   0,2   3,4   18:07   VNV
17  15,4  27,7   17:51   5,2   04:32   5,0   2,1   0,0   0,2   3,4   14:19   VNV
18  14,2  23,9   09:16   6,2   05:09   4,9   0,8   2,4   0,2   3,7   11:44    NV
19  14,3  22,1   16:26   9,8   23:40   4,1   0,1   0,3   0,1   2,7   17:02     O
20  16,7  28,1   16:20   6,3   03:50   4,1   2,5   0,0   0,3   4,4   17:32     O
21  20,1  30,7   16:58  10,1   04:36   2,1   3,9   0,0   0,5   5,4   13:36   OSO
22  22,7  31,8   16:24  15,0   04:53   0,7   5,1   0,0   0,7   6,5   11:46   OSO
23  17,7  25,1   15:59  12,5   23:56   1,7   1,1   9,3   0,3   5,1   05:16   VNV
24  17,9  27,6   17:56  10,4   03:50   2,5   2,1   0,3   0,3   3,1   11:21   VNV
25  17,3  27,3   17:17  10,2   23:59   2,8   1,8   0,0   0,3   5,1   14:24   SSO
26  17,6  28,4   17:03   7,7   03:59   3,7   3,0   0,0   0,2   3,4   19:51   NNV
27  15,6  24,8   13:58   7,9   04:42   4,0   1,3   0,0   0,5   6,1   09:11     O
28  12,3  21,3   18:27   7,3   23:53   6,2   0,1   0,0   0,5   4,8   15:35     O
29  13,2  24,3   17:33   3,8   04:19   6,0   0,9   0,0   0,2   4,8   14:51   NNV
30  15,5  26,0   16:31   4,2   04:39   4,8   2,0   0,0   0,7   6,1   13:18   SSO
31  15,0  23,8   14:32   8,3   03:12   4,1   0,8   0,0   0,7   5,4   12:54    SO
----------------------------------------------------------------------------------
    13,6  31,8    22    -2,1     3   176,3  29,5  39,3   0,5   8,2     1     SSO

Max >=  25,0: 10
Max <=   0,0:  0
Min <=   0,0:  1
Min <= -10,0:  0
Max Rain: 10,5 on day 9
Days of Rain: 10 (>= 0,2 mm)  7 (>= 2,0 mm)  1 (>= 10,0 mm)
Heat Base: 18,3  Cool Base: 18,3  Method: Integration