NOAA-Style Climate Reports


Report for 2014 April
                   Monthly Climatological Summary for apr 2014

Name: Slettensvej Vejrstation   City: Odense   State: 
Elevation: 6 m  Lat: N 55° 25' 38"   Lon: E 010° 21' 57"

                  Temperature (°C), Rain (mm), Wind Speed (m/s)

                                      Heat  Cool        Avg
    Mean                              Deg   Deg         Wind                 Dom
Day Temp  High   Time   Low    Time   Days  Days  Rain  Speed High   Time    Dir
----------------------------------------------------------------------------------
 1   5,3   9,7   16:52   2,7   00:00  13,0   0,0   0,0   0,6   5,4   11:48     O
 2   6,6  11,8   15:20   3,5   03:08  11,7   0,0   0,0   0,9   7,5   12:38     O
 3   7,9  17,4   15:06   2,1   06:27  10,4   0,0   0,0   0,3   3,4   18:19   NNV
 4   5,0   8,4   11:31   2,3   01:49  13,3   0,0   0,0   1,2   8,2   11:09     O
 5   6,7   9,8   19:07   4,4   00:00  11,6   0,0   1,8   0,8   6,1   01:55   OSO
 6  10,6  14,1   11:37   7,7   04:42   7,7   0,0   1,2   1,0   6,8   11:38   SSO
 7  12,4  15,7   18:35  10,7   03:24   5,9   0,0   1,2   1,0   5,8   16:38     S
 8  11,1  14,1   08:57   7,8   21:05   7,2   0,0   4,8   1,2   9,2   12:34     S
 9   9,2  15,0   14:11   5,6   23:59   9,1   0,0   0,0   1,0   7,8   15:43     V
10   7,5  14,3   13:16   1,2   02:53  10,8   0,0   0,0   0,5   4,4   16:17     S
11  10,0  18,2   15:29   3,0   23:52   8,3   0,0   0,0   0,5   4,4   17:23    SV
12   7,2  13,3   15:36   0,1   04:25  11,2   0,0   0,9   1,2   7,5   14:47     S
13   9,8  15,6   14:29   7,3   02:24   8,5   0,0   0,0   1,5   8,8   13:24   SSV
14   8,5  15,4   15:02   5,3   23:50   9,8   0,0   1,5   1,3   9,9   11:45     V
15   8,1  16,1   16:41   0,0   23:57  10,2   0,0   0,0   1,2   8,5   12:53    NV
16   8,0  19,6   17:09  -2,5   06:14  10,3   0,0   0,0   0,4   4,1   15:26   SSV
17   9,4  17,4   14:46   3,6   02:37   8,9   0,0   3,9   1,8  12,6   18:30     S
18   7,2  12,1   11:23   2,0   05:59  11,1   0,0   0,3   0,6   7,5   15:36    NV
19   9,9  21,0   16:24   0,1   06:29   8,6   0,3   0,0   0,2   3,4   11:06     N
20  14,0  26,4   16:37   3,8   02:46   5,8   1,5   0,3   0,3   5,1   19:11   NNO
21  14,4  21,8   16:30  10,6   04:29   4,3   0,3   0,0   0,4   5,1   15:49   NNO
22  14,5  23,9   14:29   8,1   05:25   4,4   0,6   0,0   0,5   5,1   18:26   ONO
23   9,6  13,5   12:07   8,2   19:00   8,7   0,0   3,6   0,4   4,8   22:56     O
24   8,5  17,3   17:58   5,1   06:15   9,8   0,0   1,2   0,3   5,4   01:28    NO
25  12,7  23,7   15:52   3,7   04:28   6,4   0,8   0,3   0,4   4,1   16:45    NO
26  14,2  26,1   16:54   3,1   05:45   5,4   1,3   0,0   0,4   5,1   17:58   ONO
27  14,8  26,9   16:32   5,0   04:55   5,1   1,6   0,0   0,3   4,4   16:10   ONO
28  14,1  27,5   17:27   2,3   05:44   6,3   2,1   0,0   0,2   2,7   13:21   NNO
29  14,6  27,8   16:47   2,2   05:52   6,0   2,3   0,0   0,3   4,1   14:56   VNV
30  14,0  24,4   14:50   4,6   05:28   5,3   1,1   0,0   0,4   4,4   13:32   VSV
----------------------------------------------------------------------------------
    10,2  27,8    29    -2,5    16   255,1  11,9  21,0   0,7  12,6    17       S

Max >=  25,0:  5
Max <=   0,0:  0
Min <=   0,0:  2
Min <= -10,0:  0
Max Rain: 4,8 on day 8
Days of Rain: 12 (>= 0,2 mm)  3 (>= 2,0 mm)  0 (>= 10,0 mm)
Heat Base: 18,3  Cool Base: 18,3  Method: Integration