NOAA-Style Climate Reports


Report for 2014 Marts
                   Monthly Climatological Summary for mar 2014

Name: Slettensvej Vejrstation   City: Odense   State: 
Elevation: 6 m  Lat: N 55° 25' 38"   Lon: E 010° 21' 57"

                  Temperature (°C), Rain (mm), Wind Speed (m/s)

                                      Heat  Cool        Avg
    Mean                              Deg   Deg         Wind                 Dom
Day Temp  High   Time   Low    Time   Days  Days  Rain  Speed High   Time    Dir
----------------------------------------------------------------------------------
 1   3,9   7,9   15:10   0,6   06:08  14,4   0,0   0,0   0,2   3,4   18:37   OSO
 2   4,6  10,4   12:50   2,9   00:17  13,7   0,0   3,0   0,9   5,8   13:39    SO
 3   4,3   9,8   15:17   0,9   03:24  14,0   0,0   0,3   1,2   8,2   11:38     O
 4   4,6  11,0   12:41   1,3   03:50  13,7   0,0   0,0   0,2   4,1   14:32     O
 5   4,1   6,4   13:11   1,5   20:25  14,2   0,0   0,0   0,0   2,0   08:53   VNV
 6   5,2  10,1   12:07   1,5   03:33  13,1   0,0   0,0   0,9   6,1   11:12   SSO
 7   7,8  13,4   13:41   4,3   23:58  10,5   0,0   1,5   1,6  10,2   18:33   SSO
 8   6,0  13,6   14:33  -3,6   09:43  12,6   0,0   0,0   0,7   5,8   23:47   SSO
 9  10,1  19,3   14:47   4,2   23:55   8,3   0,0   0,0   1,2   6,8   12:14   SSO
10   9,9  21,2   14:18   2,7   23:59   8,6   0,2   0,0   0,6   5,4   13:10    SV
11   5,3  18,6   16:34  -2,5   06:28  13,0   0,0   0,0   0,2   3,7   15:18    NV
12   5,7  20,0   16:26  -3,2   06:09  12,6   0,0   0,0   0,2   3,7   11:44   SSV
13   6,2  18,7   16:22  -3,7   06:17  12,1   0,0   0,0   0,5   4,8   14:16   SSV
14   6,8  12,2   14:15   0,7   07:00  11,5   0,0   3,0   1,3   9,9   21:53     S
15   8,3  14,8   13:58   5,7   02:49  10,0   0,0   0,9   1,5   9,2   12:55     V
16   9,7  16,3   13:31   6,4   00:00   8,6   0,0   0,0   1,3  11,2   09:51   VSV
17  10,7  17,6   14:22   7,9   20:10   7,6   0,0   0,0   1,4   9,9   10:41   VSV
18   8,1  10,3   11:41   6,8   23:31  10,2   0,0   0,0   1,3   6,8   14:17   SSV
19   7,7  10,1   15:00   3,5   04:51  10,6   0,0   0,3   1,3   8,5   16:54   SSV
20  12,2  18,2   16:21   7,0   06:33   6,1   0,0   0,0   2,1   9,5   15:44     S
21   8,5  13,0   00:00   3,5   23:47   9,8   0,0   0,6   1,4   8,5   02:11   SSV
22   6,3  13,3   13:15   3,1   00:31  12,0   0,0   2,7   1,3   8,2   11:35    SO
23   5,6  12,8   13:45   0,4   23:58  12,7   0,0   1,2   0,8   7,8   14:35     S
24   4,6  18,3   15:59  -2,6   06:14  13,7   0,0   0,3   0,1   3,1   13:11    NV
25   4,9  14,9   12:47  -2,9   06:24  13,4   0,0   0,3   0,6   8,5   22:25    NV
26   5,0  11,7   16:11   2,0   23:56  13,3   0,0   3,9   1,0   8,2   00:32   ONO
27   5,1  13,2   16:37   0,4   04:11  13,2   0,0   0,0   0,2   4,1   22:48     N
28   5,6  11,5   16:08   1,4   22:08  12,7   0,0   0,0   0,2   4,1   03:32   ONO
29   7,1  17,8   15:59   1,3   03:35  11,2   0,0   0,0   0,3   3,4   10:13   OSO
30   8,1  22,3   16:07  -1,6   05:19  10,2   0,4   0,0   0,2   3,1   16:33     N
31   7,0  16,2   16:54   0,9   02:15  11,3   0,0   0,0   0,2   3,1   17:23   VSV
----------------------------------------------------------------------------------
     6,7  22,3    30    -3,7    13   358,9   0,6  18,0   0,8  11,2    16       S

Max >=  25,0:  0
Max <=   0,0:  0
Min <=   0,0:  7
Min <= -10,0:  0
Max Rain: 3,9 on day 26
Days of Rain: 12 (>= 0,2 mm)  4 (>= 2,0 mm)  0 (>= 10,0 mm)
Heat Base: 18,3  Cool Base: 18,3  Method: Integration