NOAA-Style Climate Reports


Report for 2014 Januar
                   Monthly Climatological Summary for jan 2014

Name: Slettensvej Vejrstation   City: Odense   State: 
Elevation: 6 m  Lat: N 55° 25' 38"   Lon: E 010° 21' 57"

                  Temperature (°C), Rain (mm), Wind Speed (m/s)

                                      Heat  Cool        Avg
    Mean                              Deg   Deg         Wind                 Dom
Day Temp  High   Time   Low    Time   Days  Days  Rain  Speed High   Time    Dir
----------------------------------------------------------------------------------
 1   3,6   5,2   14:07   2,7   04:58  14,7   0,0   0,3   1,0   4,8   16:46   OSO
 2   5,1   7,3   22:43   2,8   01:34  13,2   0,0   2,7   1,3   5,8   05:50   OSO
 3   6,6   8,0   19:11   5,3   03:43  11,7   0,0   4,8   1,5   8,8   22:54    SO
 4   6,4   9,9   12:32   4,3   23:32  11,9   0,0   0,3   1,7   9,2   06:38   SSO
 5   4,7   8,1   14:13   2,5   20:07  13,6   0,0   0,0   0,5   4,8   23:59   SSO
 6   6,1   9,3   17:23   2,7   02:13  12,2   0,0   9,3   1,7   8,5   07:17    SO
 7   9,2  10,1   12:29   8,1   03:49   9,1   0,0   2,4   2,2   9,5   21:49     S
 8   8,7   9,8   13:39   7,3   23:44   9,6   0,0   0,0   1,9   8,5   00:24     S
 9   7,1   9,8   14:24   5,5   23:47  11,2   0,0  13,2   1,9  12,6   18:28     S
10   6,2   9,3   11:18   4,8   21:26  12,1   0,0   1,5   1,2   8,8   11:55   SSV
11   5,7   7,5   07:23   3,2   21:31  12,6   0,0   4,5   1,2   7,1   11:43     S
12   3,4   9,0   12:27  -2,1   22:07  14,9   0,0   0,0   0,7   6,5   08:33    SV
13   1,6   4,6   21:18  -1,6   00:00  16,7   0,0   2,1   0,8   7,8   10:31   OSO
14   4,9   9,7   11:59   3,9   00:10  13,4   0,0   1,2   0,3   3,7   22:50   OSO
15   4,0   4,8   13:45   3,1   23:55  14,3   0,0   0,0   1,1   5,8   19:03   OSO
16   2,3   3,1   00:00   1,6   23:36  15,9   0,0   7,5   1,9   9,9   23:59     O
17   2,2   3,2   13:43   0,4   02:37  16,1   0,0   9,6   1,5   9,9   00:00     O
18   3,2   3,7   18:23   2,8   03:41  15,1   0,0   2,1   2,0  10,9   23:48     O
19   2,5   3,6   00:00   1,6   17:14  15,8   0,0   0,0   1,8  10,5   01:10     O
20   1,6   2,1   00:00   0,9   23:52  16,7   0,0   1,2   1,2   8,2   00:45     O
21   0,6   1,1   12:08   0,3   06:37  17,7   0,0   1,5   0,5   4,4   00:44    NO
22   0,7   1,2   14:07  -0,1   23:38  17,6   0,0   1,8   1,3   8,2   20:33     O
23  -2,0  -0,1   00:00  -3,1   18:43  20,2   0,0   0,3   2,0   9,9   17:21   OSO
24  -2,5   1,7   13:13  -4,0   03:13  20,8   0,0   0,0   1,5   9,2   12:25     O
25  -5,1  -2,3   13:09  -6,9   08:24  23,4   0,0   0,0   1,7   9,2   14:18   OSO
26  -6,1  -3,1   11:14  -8,1   21:28  24,4   0,0   0,0   1,9   8,8   00:24   OSO
27  -3,0  -0,8   21:22  -7,6   00:00  21,3   0,0   0,0   1,6   8,5   01:35     O
28  -0,7   0,3   19:10  -1,5   01:51  19,0   0,0   0,0   1,4   9,9   14:55     O
29  -3,3  -1,0   00:00  -4,4   21:44  21,6   0,0   0,0   1,1   9,9   09:25     O
30  -3,3  -2,7   18:07  -4,5   00:26  21,6   0,0   0,0   1,1   8,8   06:15     O
31  -2,5  -1,2   12:59  -3,1   04:24  20,7   0,0   0,0   0,9   5,8   08:53   OSO
----------------------------------------------------------------------------------
     2,2  10,1     7    -8,1    26   499,1   0,0  66,3   1,4  12,6     9     OSO

Max >=  25,0:  0
Max <=   0,0:  7
Min <=   0,0: 12
Min <= -10,0:  0
Max Rain: 13,2 on day 9
Days of Rain: 18 (>= 0,2 mm)  10 (>= 2,0 mm)  1 (>= 10,0 mm)
Heat Base: 18,3  Cool Base: 18,3  Method: Integration