NOAA-Style Climate Reports


Report for 2020 Februar
                   Monthly Climatological Summary for feb. 2020

Name: Vejret i Vindeby   City: Svendborg   State: 
Elevation: 0 m  Lat: N 55 02 30   Lon: E 010 37 00

                  Temperature (°C), Rain (mm), Wind Speed (m/s)

                                      Heat  Cool        Avg
    Mean                              Deg   Deg         Wind                 Dom
Day Temp  High   Time   Low    Time   Days  Days  Rain  Speed High   Time    Dir
----------------------------------------------------------------------------------
01   8,4   9,3   13:44   6,9   23:06   9,8   0,0   1,6   2,8  12,5   22:22   WSW
02   5,5   7,9   14:10   2,8   22:14  12,8   0,0   0,2   2,2  11,2   00:24     W
03   5,6   7,7   14:27   3,8   04:20  12,6   0,0   4,0   1,0   8,0   18:36   WSW
04   4,3   5,8   13:03   2,9   23:04  14,0   0,0   0,0   2,2  10,3   16:09     W
05   3,3   6,5   14:40  -1,8   07:54  15,0   0,0   0,2   1,6   7,2   16:40     W
06   6,4   8,2   14:31   4,4   03:39  11,8   0,0   0,0   2,1   8,0   10:59     W
07   5,4   6,4   02:00   4,5   22:40  12,8   0,0   0,0   0,3   4,9   19:00    SW
08   5,0   6,6   21:24   2,7   08:04  13,2   0,0   0,0   0,8   5,4   22:25    SW
09   7,4  10,3   16:23   5,6   01:50  10,8   0,0   9,4   2,5  13,0   21:10   WSW
10   6,2   8,7   01:16   4,0   18:46  12,1   0,0   5,8   3,1  15,6   15:39   WSW
11   4,4   6,4   13:38   2,3   07:03  13,9   0,0   6,0   3,0  13,0   19:29   WSW
12   3,8   5,6   09:29   1,3   23:19  14,4   0,0  15,8   3,5  12,1   12:26   WSW
13   3,6   4,9   12:40   2,6   07:56  14,7   0,0   3,0   1,7  11,2   00:36   SSW
14   4,2   5,6   12:17   2,8   00:00  13,9   0,0   0,0   0,6   5,8   23:09    NE
15   6,4   8,5   23:55   4,3   00:00  11,8   0,0   1,2   1,7   8,0   21:52   WSW
16   9,1  11,1   09:29   5,9   21:09   9,1   0,0  17,6   2,6  12,1   23:56   WSW
17   7,4   9,0   14:11   6,2   05:45  10,8   0,0   0,0   3,4  13,9   11:31   WSW
18   5,9   7,2   02:54   4,4   09:27  12,3   0,0   1,6   2,6  11,6   14:18   WSW
19   5,5   7,1   15:58   4,3   04:46  12,8   0,0   5,8   2,2   8,0   05:21   WSW
20   5,3   7,1   14:41   3,0   04:57  13,0   0,0   7,2   1,8  10,3   23:10   WSW
21   5,8   7,7   12:14   4,0   02:20  12,5   0,0   1,0   2,7  11,2   16:13   WSW
----------------------------------------------------------------------------------
     5,7  11,1    16    -1,8     5   264,1   0,0  80,4   2,1  15,6    10     WSW

Max >=  27,0  0
Max <=   0,0  0
Min <=   0,0  1
Min <= -18,0  0
Max Rain: 17,6 on day 16
Days of Rain: 15 (>= 0,2 mm)  9 (>= 2,0 mm)  0 (>= 20,0 mm)
Heat Base: 18,3  Cool Base: 18,3  Method: Integration