NOAA-Style Climate Reports


Report for 2020 September
                   Monthly Climatological Summary for sep. 2020

Name: Vejret i Vindeby   City: Svendborg   State:  
Elevation: 0 m  Lat: N 55° 02' 30"   Lon: E 010° 37' 00"

                  Temperature (°C), Rain (mm), Wind Speed (m/s)

                                      Heat  Cool        Avg
    Mean                              Deg   Deg         Wind                 Dom
Day Temp  High   Time   Low    Time   Days  Days  Rain  Speed High   Time    Dir
----------------------------------------------------------------------------------
01  14,3  19,7   15:57   8,4   06:16   4,2   0,2   0,0   0,9   6,7   12:08   NNE
02  16,1  20,7   15:25  12,3   23:59   2,6   0,4   0,0   0,8   5,8   11:17   NNE
03  15,0  20,7   11:58   9,7   06:53   3,5   0,2   3,0   0,6   5,8   18:10     W
04  17,6  21,2   13:04  15,3   04:50   1,1   0,4   1,0   1,4   7,2   06:38   WSW
05  16,3  19,4   12:44  13,4   23:35   2,0   0,1   0,0   1,6   8,0   10:02   WSW
06  14,5  19,3   12:44  10,2   23:58   3,8   0,0   2,0   1,1   9,8   16:04   WSW
07  14,6  18,8   12:16  10,2   00:03   3,7   0,0   0,0   0,8   5,4   11:22   WSW
08  17,5  21,5   15:22  15,4   05:38   1,3   0,5   0,8   2,1   8,5   13:54   WSW
09  17,0  19,2   14:29  13,7   21:36   1,4   0,1   1,6   1,7   7,2   13:45   WSW
10  14,3  18,6   13:07   9,1   23:58   4,0   0,0   0,0   1,5   6,3   10:19     W
11  13,9  18,3   12:28   8,0   01:49   4,3   0,0   0,0   0,5   5,8   12:28   WSW
12  15,5  19,8   12:24  12,8   00:12   2,8   0,1   1,2   1,4   8,0   13:52   WSW
13  16,6  19,0   13:29  14,0   03:54   1,8   0,1   0,0   1,7   8,9   13:16   WSW
14  18,1  23,4   13:53  13,5   23:53   1,6   1,4   0,0   0,5   5,4   00:40   WSW
15  18,4  25,4   15:52  12,5   04:18   2,1   2,1   0,0   0,4   4,0   09:50    NE
16  17,0  22,2   13:20  13,7   22:27   2,1   0,8   0,0   0,9   6,7   23:28   WNW
17  12,6  16,5   14:15   6,4   23:55   5,6   0,0   0,0   1,0   8,0   01:05   NNE
18   9,9  17,3   17:51   4,1   07:12   8,4   0,0   0,0   0,2   3,1   11:40   WSW
19  11,2  18,0   16:02   4,6   06:50   7,1   0,0   0,0   0,1   2,7   12:59   WSW
20  13,9  18,4   13:14  10,1   00:56   4,4   0,0   0,0   0,3   3,1   10:26    NE
21  14,3  19,6   15:09   8,8   23:53   4,1   0,2   0,0   0,2   2,7   13:14   WNW
22  13,7  21,1   13:37   7,7   05:22   5,1   0,6   0,0   0,2   3,1   13:12   WSW
23  15,3  21,5   13:26   8,9   05:51   3,7   0,8   0,0   0,4   4,5   11:35   WSW
24  16,3  18,8   13:12  12,4   20:27   2,0   0,0   0,4   0,9   8,9   12:47   WSW
25  13,9  16,1   13:51  11,8   23:37   4,4   0,0   2,4   1,0   5,4   08:12   NNW
26  13,4  16,7   23:48   8,7   06:30   4,9   0,0   1,8   1,3   9,4   20:25     N
27  17,5  21,0   15:12  14,6   10:21   1,2   0,4   1,0   1,6   7,2   00:11    NE
----------------------------------------------------------------------------------
    15,1  25,4    15     4,1    18    93,2   8,4  15,2   0,9   9,8     6       W

Max >=  27,0  0
Max <=   0,0  0
Min <=   0,0  0
Min <= -18,0  0
Max Rain: 3,0 on day 3
Days of Rain: 10 (>= 0,2 mm)  3 (>= 2,0 mm)  0 (>= 20,0 mm)
Heat Base: 18,3  Cool Base: 18,3  Method: Integration